109.239.58.107 - - [11/Oct/2022:17:32:44 -0700] "GET / HTTP/1.1" 200 330 "-" "Mozilla/5.0 (Windows NT 10.0; Win64; x64) AppleWebKit/537.36 (KHTML, like Gecko) Chrome/91.0.4472.114 Safari/537.36 Edg/91.0.864.54" "moreno-ibarra.com"
114.119.143.25 - - [11/Oct/2022:17:42:39 -0700] "GET /hahoo_site_admin_/cache/collection/?C=S%3BO%3DA HTTP/1.1" 200 774 "http://moreno-ibarra.com/hahoo_site_admin_/cache/collection/" "Mozilla/5.0 (Linux; Android 7.0;) AppleWebKit/537.36 (KHTML, like Gecko) Mobile Safari/537.36 (compatible; PetalBot;+https://webmaster.petalsearch.com/site/petalbot)" "moreno-ibarra.com"
79.137.194.75 - - [11/Oct/2022:18:22:06 -0700] "GET /contactenos/ HTTP/1.1" 404 73 "https://saunanovgorod.ru/" "Mozilla/4.0 (compatible; MSIE 6.0; Windows NT 5.0; KTXN)" "moreno-ibarra.com"
79.137.194.75 - - [11/Oct/2022:18:22:07 -0700] "GET /contactenos/ HTTP/1.1" 404 73 "https://saunanovgorod.ru/" "Mozilla/4.0 (compatible; MSIE 6.0; Windows NT 5.0; KTXN)" "moreno-ibarra.com"
79.137.194.75 - - [11/Oct/2022:18:22:07 -0700] "GET /contactenos/ HTTP/1.1" 404 73 "https://saunanovgorod.ru/" "Mozilla/4.0 (compatible; MSIE 6.0; Windows NT 5.0; KTXN)" "moreno-ibarra.com"
79.137.194.75 - - [11/Oct/2022:18:22:20 -0700] "GET / HTTP/1.1" 200 557 "https://saunanovgorod.ru/" "Mozilla/3.0 (x86 [en] Windows NT 5.1; Sun)" "moreno-ibarra.com"
79.137.194.75 - - [11/Oct/2022:18:22:21 -0700] "GET / HTTP/1.1" 200 557 "https://saunanovgorod.ru/" "Mozilla/3.0 (x86 [en] Windows NT 5.1; Sun)" "moreno-ibarra.com"
79.137.194.75 - - [11/Oct/2022:18:22:22 -0700] "GET / HTTP/1.1" 200 557 "https://saunanovgorod.ru/" "Mozilla/3.0 (x86 [en] Windows NT 5.1; Sun)" "moreno-ibarra.com"
114.119.143.215 - - [11/Oct/2022:18:22:22 -0700] "GET /hahoo_site_admin_/assets/images/?C=D%3BO%3DA HTTP/1.1" 200 2524 "http://www.moreno-ibarra.com/hahoo_site_admin_/assets/images" "Mozilla/5.0 (Linux; Android 7.0;) AppleWebKit/537.36 (KHTML, like Gecko) Mobile Safari/537.36 (compatible; PetalBot;+https://webmaster.petalsearch.com/site/petalbot)" "www.moreno-ibarra.com"
114.119.143.213 - - [11/Oct/2022:18:28:09 -0700] "GET /hahoo_site_admin_/cache HTTP/1.1" 301 1421 "http://www.moreno-ibarra.com/hahoo_site_admin_" "Mozilla/5.0 (Linux; Android 7.0;) AppleWebKit/537.36 (KHTML, like Gecko) Mobile Safari/537.36 (compatible; PetalBot;+https://webmaster.petalsearch.com/site/petalbot)" "www.moreno-ibarra.com"
114.119.143.213 - - [11/Oct/2022:18:28:10 -0700] "GET /hahoo_site_admin_/cache/ HTTP/1.1" 200 382 "http://www.moreno-ibarra.com/hahoo_site_admin_" "Mozilla/5.0 (Linux; Android 7.0;) AppleWebKit/537.36 (KHTML, like Gecko) Mobile Safari/537.36 (compatible; PetalBot;+https://webmaster.petalsearch.com/site/petalbot)" "www.moreno-ibarra.com"
114.119.143.226 - - [11/Oct/2022:18:36:51 -0700] "GET /hahoo_site_admin_/logs/log.txt.6 HTTP/1.1" 200 4667 "http://www.moreno-ibarra.com/hahoo_site_admin_/logs/?C=S%3BO%3DA" "Mozilla/5.0 (Linux; Android 7.0;) AppleWebKit/537.36 (KHTML, like Gecko) Mobile Safari/537.36 (compatible; PetalBot;+https://webmaster.petalsearch.com/site/petalbot)" "www.moreno-ibarra.com"
114.119.143.213 - - [11/Oct/2022:18:48:34 -0700] "GET /hahoo_site_admin_/?C=M%3BO%3DA HTTP/1.1" 200 430 "http://www.moreno-ibarra.com/hahoo_site_admin_?C=N%3BO%3DD" "Mozilla/5.0 (Linux; Android 7.0;) AppleWebKit/537.36 (KHTML, like Gecko) Mobile Safari/537.36 (compatible; PetalBot;+https://webmaster.petalsearch.com/site/petalbot)" "www.moreno-ibarra.com"
114.119.143.226 - - [11/Oct/2022:18:54:41 -0700] "GET /hahoo_site_admin_/credentials HTTP/1.1" 301 1425 "http://www.moreno-ibarra.com/hahoo_site_admin_" "Mozilla/5.0 (Linux; Android 7.0;) AppleWebKit/537.36 (KHTML, like Gecko) Mobile Safari/537.36 (compatible; PetalBot;+https://webmaster.petalsearch.com/site/petalbot)" "www.moreno-ibarra.com"
114.119.143.226 - - [11/Oct/2022:18:54:43 -0700] "GET /hahoo_site_admin_/credentials/ HTTP/1.1" 200 378 "http://www.moreno-ibarra.com/hahoo_site_admin_" "Mozilla/5.0 (Linux; Android 7.0;) AppleWebKit/537.36 (KHTML, like Gecko) Mobile Safari/537.36 (compatible; PetalBot;+https://webmaster.petalsearch.com/site/petalbot)" "www.moreno-ibarra.com"
114.119.143.233 - - [11/Oct/2022:19:00:27 -0700] "GET /hahoo_site_admin_/logs/?C=N%3BO%3DD HTTP/1.1" 200 521 "http://www.moreno-ibarra.com/hahoo_site_admin_/logs/?C=S%3BO%3DA" "Mozilla/5.0 (Linux; Android 7.0;) AppleWebKit/537.36 (KHTML, like Gecko) Mobile Safari/537.36 (compatible; PetalBot;+https://webmaster.petalsearch.com/site/petalbot)" "www.moreno-ibarra.com"
45.169.70.9 - - [11/Oct/2022:19:08:54 -0700] "GET /contactenos/ HTTP/1.1" 404 73 "http://moreno-ibarra.com/contactenos/" "Mozilla/5.0 (Windows NT 10.0; WOW64) AppleWebKit/537.36 (KHTML, like Gecko) Chrome/90.0.4400.8 Safari/537.36" "moreno-ibarra.com"
45.169.70.9 - - [11/Oct/2022:19:08:59 -0700] "GET / HTTP/1.1" 200 557 "http://moreno-ibarra.com/" "Mozilla/5.0 (Windows NT 10.0; WOW64) AppleWebKit/537.36 (KHTML, like Gecko) Chrome/90.0.4400.8 Safari/537.36" "moreno-ibarra.com"
178.168.207.185 - - [11/Oct/2022:19:29:55 -0700] "GET /contactenos/ HTTP/1.1" 404 73 "http://moreno-ibarra.com/contactenos/" "Mozilla/5.0 (Windows NT 6.3; Win64; x64) AppleWebKit/537.36 (KHTML, like Gecko) Chrome/90.0.4430.85 Safari/537.36 Edg/90.0.818.49" "moreno-ibarra.com"
178.168.207.185 - - [11/Oct/2022:19:29:55 -0700] "GET / HTTP/1.1" 200 557 "http://moreno-ibarra.com/" "Mozilla/5.0 (Windows NT 6.3; Win64; x64) AppleWebKit/537.36 (KHTML, like Gecko) Chrome/90.0.4430.85 Safari/537.36 Edg/90.0.818.49" "moreno-ibarra.com"
114.119.143.213 - - [11/Oct/2022:19:48:25 -0700] "GET /hahoo_site_admin_/cache/collection/64000af0497ccb28520dac91636e10e6 HTTP/1.1" 200 37716 "http://www.moreno-ibarra.com/hahoo_site_admin_/cache/collection?C=D%3BO%3DA" "Mozilla/5.0 (Linux; Android 7.0;) AppleWebKit/537.36 (KHTML, like Gecko) Mobile Safari/537.36 (compatible; PetalBot;+https://webmaster.petalsearch.com/site/petalbot)" "www.moreno-ibarra.com"
114.119.143.215 - - [11/Oct/2022:20:07:43 -0700] "GET /hahoo_site_admin_/credentials?C=N%3BO%3DD HTTP/1.1" 301 1439 "http://www.moreno-ibarra.com/hahoo_site_admin_/credentials?C=M%3BO%3DA" "Mozilla/5.0 (Linux; Android 7.0;) AppleWebKit/537.36 (KHTML, like Gecko) Mobile Safari/537.36 (compatible; PetalBot;+https://webmaster.petalsearch.com/site/petalbot)" "www.moreno-ibarra.com"
114.119.143.215 - - [11/Oct/2022:20:07:44 -0700] "GET /hahoo_site_admin_/credentials/?C=N%3BO%3DD HTTP/1.1" 200 378 "http://www.moreno-ibarra.com/hahoo_site_admin_/credentials?C=M%3BO%3DA" "Mozilla/5.0 (Linux; Android 7.0;) AppleWebKit/537.36 (KHTML, like Gecko) Mobile Safari/537.36 (compatible; PetalBot;+https://webmaster.petalsearch.com/site/petalbot)" "www.moreno-ibarra.com"
34.75.166.67 - - [11/Oct/2022:20:08:03 -0700] "GET /robots.txt HTTP/1.1" 404 88 "-" "ZoominfoBot (zoominfobot at zoominfo dot com)" "www.moreno-ibarra.com"
34.75.166.67 - - [11/Oct/2022:20:08:03 -0700] "GET / HTTP/1.1" 200 330 "-" "ZoominfoBot (zoominfobot at zoominfo dot com)" "www.moreno-ibarra.com"
93.158.161.46 - - [11/Oct/2022:20:12:52 -0700] "GET /robots.txt HTTP/1.1" 404 73 "-" "Mozilla/5.0 (compatible; YandexBot/3.0; +http://yandex.com/bots)" "moreno-ibarra.com"
93.158.161.38 - - [11/Oct/2022:20:12:56 -0700] "GET /nosotros HTTP/1.1" 404 88 "-" "Mozilla/5.0 (compatible; YandexBot/3.0; +http://yandex.com/bots)" "moreno-ibarra.com"
18.236.119.147 - - [11/Oct/2022:20:13:07 -0700] "GET / HTTP/1.1" 200 330 "-" "Mozilla/5.0 (X11; Linux x86_64) AppleWebKit/537.36 (KHTML, like Gecko) Chrome/83.0.4103.97 Safari/537.36" "moreno-ibarra.com"
54.185.45.37 - - [11/Oct/2022:20:13:11 -0700] "GET / HTTP/1.1" 200 330 "-" "Mozilla/5.0 (X11; Linux x86_64) AppleWebKit/537.36 (KHTML, like Gecko) Chrome/83.0.4103.97 Safari/537.36" "moreno-ibarra.com"
35.93.17.108 - - [11/Oct/2022:20:13:31 -0700] "GET /favicon.ico HTTP/1.1" 404 88 "-" "Mozilla/5.0 (X11; Linux x86_64) AppleWebKit/537.36 (KHTML, like Gecko) Chrome/83.0.4103.97 Safari/537.36" "moreno-ibarra.com"
35.93.17.108 - - [11/Oct/2022:20:13:34 -0700] "GET / HTTP/1.1" 200 330 "-" "Mozilla/5.0 (X11; Linux x86_64) AppleWebKit/537.36 (KHTML, like Gecko) Chrome/83.0.4103.97 Safari/537.36" "moreno-ibarra.com"
35.91.170.146 - - [11/Oct/2022:20:19:01 -0700] "GET /favicon.ico HTTP/1.1" 404 88 "-" "Mozilla/5.0 (X11; Linux x86_64) AppleWebKit/537.36 (KHTML, like Gecko) Chrome/83.0.4103.97 Safari/537.36" "moreno-ibarra.com"
35.91.170.146 - - [11/Oct/2022:20:19:01 -0700] "GET / HTTP/1.1" 200 330 "-" "Mozilla/5.0 (X11; Linux x86_64) AppleWebKit/537.36 (KHTML, like Gecko) Chrome/83.0.4103.97 Safari/537.36" "moreno-ibarra.com"
35.87.32.193 - - [11/Oct/2022:20:20:53 -0700] "GET /favicon.ico HTTP/1.1" 404 88 "-" "Mozilla/5.0 (X11; Linux x86_64) AppleWebKit/537.36 (KHTML, like Gecko) Chrome/83.0.4103.97 Safari/537.36" "moreno-ibarra.com"
35.87.32.193 - - [11/Oct/2022:20:20:53 -0700] "GET / HTTP/1.1" 200 330 "-" "Mozilla/5.0 (X11; Linux x86_64) AppleWebKit/537.36 (KHTML, like Gecko) Chrome/83.0.4103.97 Safari/537.36" "moreno-ibarra.com"
114.119.143.213 - - [11/Oct/2022:21:08:04 -0700] "GET /hahoo_site_admin_/assets?C=D%3BO%3DA HTTP/1.1" 301 1433 "http://moreno-ibarra.com/hahoo_site_admin_/assets" "Mozilla/5.0 (Linux; Android 7.0;) AppleWebKit/537.36 (KHTML, like Gecko) Mobile Safari/537.36 (compatible; PetalBot;+https://webmaster.petalsearch.com/site/petalbot)" "moreno-ibarra.com"
114.119.143.213 - - [11/Oct/2022:21:08:05 -0700] "GET /hahoo_site_admin_/assets/?C=D%3BO%3DA HTTP/1.1" 200 366 "http://moreno-ibarra.com/hahoo_site_admin_/assets" "Mozilla/5.0 (Linux; Android 7.0;) AppleWebKit/537.36 (KHTML, like Gecko) Mobile Safari/537.36 (compatible; PetalBot;+https://webmaster.petalsearch.com/site/petalbot)" "moreno-ibarra.com"
114.119.143.25 - - [11/Oct/2022:21:14:10 -0700] "GET /hahoo_site_admin_/credentials?C=M%3BO%3DA HTTP/1.1" 301 1436 "http://moreno-ibarra.com/hahoo_site_admin_/credentials?C=N%3BO%3DD" "Mozilla/5.0 (Linux; Android 7.0;) AppleWebKit/537.36 (KHTML, like Gecko) Mobile Safari/537.36 (compatible; PetalBot;+https://webmaster.petalsearch.com/site/petalbot)" "moreno-ibarra.com"
114.119.143.25 - - [11/Oct/2022:21:14:11 -0700] "GET /hahoo_site_admin_/credentials/?C=M%3BO%3DA HTTP/1.1" 200 378 "http://moreno-ibarra.com/hahoo_site_admin_/credentials?C=N%3BO%3DD" "Mozilla/5.0 (Linux; Android 7.0;) AppleWebKit/537.36 (KHTML, like Gecko) Mobile Safari/537.36 (compatible; PetalBot;+https://webmaster.petalsearch.com/site/petalbot)" "moreno-ibarra.com"
114.119.143.233 - - [11/Oct/2022:22:21:42 -0700] "GET /?C=N%3BO%3DD HTTP/1.1" 200 330 "https://moreno-ibarra.com/?C=D%3BO%3DA" "Mozilla/5.0 (Linux; Android 7.0;) AppleWebKit/537.36 (KHTML, like Gecko) Mobile Safari/537.36 (compatible; PetalBot;+https://webmaster.petalsearch.com/site/petalbot)" "moreno-ibarra.com"
128.201.97.177 - - [11/Oct/2022:23:47:23 -0700] "GET / HTTP/1.1" 200 330 "-" "Mozilla/5.0 (Windows NT 10.0; Win64; x64) AppleWebKit/537.36 (KHTML, like Gecko) Chrome/85.0.4183.121 Safari/537.36" "moreno-ibarra.com"
113.125.149.124 - - [11/Oct/2022:23:59:32 -0700] "GET /contactenos/ HTTP/1.1" 404 73 "http://moreno-ibarra.com/contactenos/" "Mozilla/5.0 (Windows NT 10.0) AppleWebKit/537.36 (KHTML, like Gecko) Chrome/90.0.4430.72 Safari/537.36" "moreno-ibarra.com"
185.220.100.251 - - [11/Oct/2022:23:59:49 -0700] "GET / HTTP/1.1" 200 557 "http://moreno-ibarra.com/" "Mozilla/5.0 (Windows NT 10.0) AppleWebKit/537.36 (KHTML, like Gecko) Chrome/90.0.4430.72 Safari/537.36" "moreno-ibarra.com"
54.165.35.3 - - [12/Oct/2022:00:48:57 -0700] "GET /robots.txt HTTP/1.1" 404 73 "-" "Mozilla/5.0 (X11; Linux x86_64) AppleWebKit/537.36 (KHTML, like Gecko) Chrome/94.0.4606.81 Safari/537.36" "moreno-ibarra.com"
54.165.35.3 - - [12/Oct/2022:00:48:57 -0700] "GET / HTTP/1.1" 200 557 "-" "Mozilla/5.0 (X11; Linux x86_64) AppleWebKit/537.36 (KHTML, like Gecko) Chrome/94.0.4606.81 Safari/537.36" "moreno-ibarra.com"
143.244.44.163 - - [12/Oct/2022:00:49:30 -0700] "GET /contactenos/ HTTP/1.1" 404 73 "http://moreno-ibarra.com/contactenos/" "Mozilla/5.0 (Windows NT 10.0; WOW64) AppleWebKit/537.36 (KHTML, like Gecko) Chrome/90.0.4430.85 Safari/537.36" "moreno-ibarra.com"
143.244.44.163 - - [12/Oct/2022:00:49:30 -0700] "GET / HTTP/1.1" 200 557 "http://moreno-ibarra.com/" "Mozilla/5.0 (Windows NT 10.0; WOW64) AppleWebKit/537.36 (KHTML, like Gecko) Chrome/90.0.4430.85 Safari/537.36" "moreno-ibarra.com"
40.77.167.27 - - [12/Oct/2022:00:52:54 -0700] "GET / HTTP/1.1" 200 330 "-" "Mozilla/5.0 (compatible; bingbot/2.0; +http://www.bing.com/bingbot.htm)" "www.moreno-ibarra.com"
193.188.22.181 - - [12/Oct/2022:01:08:49 -0700] "GET /contactenos/ HTTP/1.1" 404 73 "http://moreno-ibarra.com/contactenos/" "Mozilla/5.0 (Windows NT 6.2; Win64; x64) AppleWebKit/537.36 (KHTML, like Gecko) Chrome/90.0.4430.72 Safari/537.36" "moreno-ibarra.com"
193.188.22.181 - - [12/Oct/2022:01:08:50 -0700] "GET / HTTP/1.1" 200 557 "http://moreno-ibarra.com/" "Mozilla/5.0 (Windows NT 6.2; Win64; x64) AppleWebKit/537.36 (KHTML, like Gecko) Chrome/90.0.4430.72 Safari/537.36" "moreno-ibarra.com"
157.55.39.138 - - [12/Oct/2022:01:50:00 -0700] "GET / HTTP/1.1" 200 330 "-" "Mozilla/5.0 AppleWebKit/537.36 (KHTML, like Gecko; compatible; bingbot/2.0; +http://www.bing.com/bingbot.htm) Chrome/103.0.5060.134 Safari/537.36" "moreno-ibarra.com"
40.77.167.98 - - [12/Oct/2022:02:52:00 -0700] "GET /robots.txt HTTP/1.1" 404 88 "-" "Mozilla/5.0 (compatible; bingbot/2.0; +http://www.bing.com/bingbot.htm)" "www.moreno-ibarra.com"
157.55.39.138 - - [12/Oct/2022:02:52:06 -0700] "GET / HTTP/1.1" 200 330 "-" "Mozilla/5.0 AppleWebKit/537.36 (KHTML, like Gecko; compatible; bingbot/2.0; +http://www.bing.com/bingbot.htm) Chrome/103.0.5060.134 Safari/537.36" "www.moreno-ibarra.com"
114.119.143.226 - - [12/Oct/2022:03:10:11 -0700] "GET /hahoo_site_admin_/cache/collection/0d51329d93c16f700d3adf5a8506a8c4 HTTP/1.1" 200 28608 "http://www.moreno-ibarra.com/hahoo_site_admin_/cache/collection?C=D%3BO%3DA" "Mozilla/5.0 (Linux; Android 7.0;) AppleWebKit/537.36 (KHTML, like Gecko) Mobile Safari/537.36 (compatible; PetalBot;+https://webmaster.petalsearch.com/site/petalbot)" "www.moreno-ibarra.com"
114.119.143.215 - - [12/Oct/2022:03:36:47 -0700] "GET /hahoo_site_admin_/logs/log.txt.4 HTTP/1.1" 200 4629 "http://www.moreno-ibarra.com/hahoo_site_admin_/logs/?C=N%3BO%3DD" "Mozilla/5.0 (Linux; Android 7.0;) AppleWebKit/537.36 (KHTML, like Gecko) Mobile Safari/537.36 (compatible; PetalBot;+https://webmaster.petalsearch.com/site/petalbot)" "www.moreno-ibarra.com"
114.119.143.233 - - [12/Oct/2022:03:51:46 -0700] "GET /hahoo_site_admin_/?C=N%3BO%3DD HTTP/1.1" 200 430 "http://www.moreno-ibarra.com/hahoo_site_admin_" "Mozilla/5.0 (Linux; Android 7.0;) AppleWebKit/537.36 (KHTML, like Gecko) Mobile Safari/537.36 (compatible; PetalBot;+https://webmaster.petalsearch.com/site/petalbot)" "www.moreno-ibarra.com"
20.83.59.64 - - [12/Oct/2022:04:08:59 -0700] "GET / HTTP/1.1" 200 557 "-" "Mozilla/5.0 (Windows NT 10.0; Win64; x64) AppleWebKit/537.36 (KHTML, like Gecko) Chrome/79.0 Safari/537.36" "moreno-ibarra.com"
20.83.59.64 - - [12/Oct/2022:04:08:59 -0700] "GET /blog/wp-includes/wlwmanifest.xml HTTP/1.1" 404 73 "-" "Mozilla/5.0 (Windows NT 10.0; Win64; x64) AppleWebKit/537.36 (KHTML, like Gecko) Chrome/79.0 Safari/537.36" "moreno-ibarra.com"
20.83.59.64 - - [12/Oct/2022:04:09:00 -0700] "GET /web/wp-includes/wlwmanifest.xml HTTP/1.1" 404 73 "-" "Mozilla/5.0 (Windows NT 10.0; Win64; x64) AppleWebKit/537.36 (KHTML, like Gecko) Chrome/79.0 Safari/537.36" "moreno-ibarra.com"
20.83.59.64 - - [12/Oct/2022:04:09:00 -0700] "GET /website/wp-includes/wlwmanifest.xml HTTP/1.1" 404 73 "-" "Mozilla/5.0 (Windows NT 10.0; Win64; x64) AppleWebKit/537.36 (KHTML, like Gecko) Chrome/79.0 Safari/537.36" "moreno-ibarra.com"
20.83.59.64 - - [12/Oct/2022:04:09:00 -0700] "GET /wp2/wp-includes/wlwmanifest.xml HTTP/1.1" 404 73 "-" "Mozilla/5.0 (Windows NT 10.0; Win64; x64) AppleWebKit/537.36 (KHTML, like Gecko) Chrome/79.0 Safari/537.36" "moreno-ibarra.com"
20.83.59.64 - - [12/Oct/2022:04:09:00 -0700] "GET /site/wp-includes/wlwmanifest.xml HTTP/1.1" 404 73 "-" "Mozilla/5.0 (Windows NT 10.0; Win64; x64) AppleWebKit/537.36 (KHTML, like Gecko) Chrome/79.0 Safari/537.36" "moreno-ibarra.com"
114.119.151.153 - - [12/Oct/2022:04:32:52 -0700] "GET /?C=S%3BO%3DA HTTP/1.1" 200 330 "https://moreno-ibarra.com/" "Mozilla/5.0 (Linux; Android 7.0;) AppleWebKit/537.36 (KHTML, like Gecko) Mobile Safari/537.36 (compatible; PetalBot;+https://webmaster.petalsearch.com/site/petalbot)" "moreno-ibarra.com"
20.68.143.222 - - [12/Oct/2022:04:39:33 -0700] "GET / HTTP/1.1" 200 330 "-" "python-requests/2.27.1" "moreno-ibarra.com"
20.2.87.62 - - [12/Oct/2022:04:53:43 -0700] "GET /wp-includes/wlwmanifest.xml HTTP/1.1" 404 73 "-" "Mozilla/5.0 (Windows NT 10.0; Win64; x64) AppleWebKit/537.36 (KHTML, like Gecko) Chrome/89.0.4389.114 Safari/537.36" "moreno-ibarra.com"
20.2.87.62 - - [12/Oct/2022:04:53:48 -0700] "GET /news/wp-includes/wlwmanifest.xml HTTP/1.1" 404 73 "-" "Mozilla/5.0 (Windows NT 10.0; Win64; x64) AppleWebKit/537.36 (KHTML, like Gecko) Chrome/89.0.4389.114 Safari/537.36" "moreno-ibarra.com"
20.2.87.62 - - [12/Oct/2022:04:53:48 -0700] "GET /2019/wp-includes/wlwmanifest.xml HTTP/1.1" 404 73 "-" "Mozilla/5.0 (Windows NT 10.0; Win64; x64) AppleWebKit/537.36 (KHTML, like Gecko) Chrome/89.0.4389.114 Safari/537.36" "moreno-ibarra.com"
20.2.87.62 - - [12/Oct/2022:04:53:49 -0700] "GET /wp2/wp-includes/wlwmanifest.xml HTTP/1.1" 404 73 "-" "Mozilla/5.0 (Windows NT 10.0; Win64; x64) AppleWebKit/537.36 (KHTML, like Gecko) Chrome/89.0.4389.114 Safari/537.36" "moreno-ibarra.com"
20.2.87.62 - - [12/Oct/2022:04:53:51 -0700] "GET /cms/wp-includes/wlwmanifest.xml HTTP/1.1" 404 73 "-" "Mozilla/5.0 (Windows NT 10.0; Win64; x64) AppleWebKit/537.36 (KHTML, like Gecko) Chrome/89.0.4389.114 Safari/537.36" "moreno-ibarra.com"
114.119.143.226 - - [12/Oct/2022:04:55:59 -0700] "GET /hahoo_site_admin_/assets/images?C=S%3BO%3DA HTTP/1.1" 301 1438 "http://moreno-ibarra.com/hahoo_site_admin_/assets/images?C=D%3BO%3DA" "Mozilla/5.0 (Linux; Android 7.0;) AppleWebKit/537.36 (KHTML, like Gecko) Mobile Safari/537.36 (compatible; PetalBot;+https://webmaster.petalsearch.com/site/petalbot)" "moreno-ibarra.com"
114.119.143.226 - - [12/Oct/2022:04:55:59 -0700] "GET /hahoo_site_admin_/assets/images/?C=S%3BO%3DA HTTP/1.1" 200 2524 "http://moreno-ibarra.com/hahoo_site_admin_/assets/images?C=D%3BO%3DA" "Mozilla/5.0 (Linux; Android 7.0;) AppleWebKit/537.36 (KHTML, like Gecko) Mobile Safari/537.36 (compatible; PetalBot;+https://webmaster.petalsearch.com/site/petalbot)" "moreno-ibarra.com"
114.119.137.204 - - [12/Oct/2022:04:58:55 -0700] "GET /?C=N%3BO%3DD HTTP/1.1" 200 330 "https://moreno-ibarra.com/" "Mozilla/5.0 (Linux; Android 7.0;) AppleWebKit/537.36 (KHTML, like Gecko) Mobile Safari/537.36 (compatible; PetalBot;+https://webmaster.petalsearch.com/site/petalbot)" "moreno-ibarra.com"
114.119.143.247 - - [12/Oct/2022:05:05:13 -0700] "GET /hahoo_site_admin_/cache/collection/165ed8e4565f2578bb6141f81d82febd HTTP/1.1" 200 70840 "http://moreno-ibarra.com/hahoo_site_admin_/cache/collection/?C=S%3BO%3DA" "Mozilla/5.0 (Linux; Android 7.0;) AppleWebKit/537.36 (KHTML, like Gecko) Mobile Safari/537.36 (compatible; PetalBot;+https://webmaster.petalsearch.com/site/petalbot)" "moreno-ibarra.com"
114.119.143.226 - - [12/Oct/2022:05:11:14 -0700] "GET /hahoo_site_admin_/assets/images HTTP/1.1" 301 1427 "http://www.moreno-ibarra.com/hahoo_site_admin_/assets?C=D%3BO%3DA" "Mozilla/5.0 (Linux; Android 7.0;) AppleWebKit/537.36 (KHTML, like Gecko) Mobile Safari/537.36 (compatible; PetalBot;+https://webmaster.petalsearch.com/site/petalbot)" "www.moreno-ibarra.com"
114.119.143.226 - - [12/Oct/2022:05:11:15 -0700] "GET /hahoo_site_admin_/assets/images/ HTTP/1.1" 200 2524 "http://www.moreno-ibarra.com/hahoo_site_admin_/assets?C=D%3BO%3DA" "Mozilla/5.0 (Linux; Android 7.0;) AppleWebKit/537.36 (KHTML, like Gecko) Mobile Safari/537.36 (compatible; PetalBot;+https://webmaster.petalsearch.com/site/petalbot)" "www.moreno-ibarra.com"
40.77.167.27 - - [12/Oct/2022:05:15:39 -0700] "GET / HTTP/1.1" 200 330 "-" "Mozilla/5.0 (compatible; bingbot/2.0; +http://www.bing.com/bingbot.htm)" "moreno-ibarra.com"
114.119.143.226 - - [12/Oct/2022:05:28:02 -0700] "GET /hahoo_site_admin_/assets/?C=D%3BO%3DA HTTP/1.1" 200 366 "http://www.moreno-ibarra.com/hahoo_site_admin_/assets/" "Mozilla/5.0 (Linux; Android 7.0;) AppleWebKit/537.36 (KHTML, like Gecko) Mobile Safari/537.36 (compatible; PetalBot;+https://webmaster.petalsearch.com/site/petalbot)" "www.moreno-ibarra.com"
114.119.143.25 - - [12/Oct/2022:05:59:11 -0700] "GET /hahoo_site_admin_/cache/collection/132315d6986a11c553e3c3ae6fa5bf4a HTTP/1.1" 200 36266 "http://www.moreno-ibarra.com/hahoo_site_admin_/cache/collection?C=D%3BO%3DA" "Mozilla/5.0 (Linux; Android 7.0;) AppleWebKit/537.36 (KHTML, like Gecko) Mobile Safari/537.36 (compatible; PetalBot;+https://webmaster.petalsearch.com/site/petalbot)" "www.moreno-ibarra.com"
114.119.143.233 - - [12/Oct/2022:07:26:26 -0700] "GET /hahoo_site_admin_/cache/collection?C=M%3BO%3DA HTTP/1.1" 301 1441 "http://www.moreno-ibarra.com/hahoo_site_admin_/cache/collection?C=D%3BO%3DA" "Mozilla/5.0 (Linux; Android 7.0;) AppleWebKit/537.36 (KHTML, like Gecko) Mobile Safari/537.36 (compatible; PetalBot;+https://webmaster.petalsearch.com/site/petalbot)" "www.moreno-ibarra.com"
114.119.143.233 - - [12/Oct/2022:07:26:27 -0700] "GET /hahoo_site_admin_/cache/collection/?C=M%3BO%3DA HTTP/1.1" 200 774 "http://www.moreno-ibarra.com/hahoo_site_admin_/cache/collection?C=D%3BO%3DA" "Mozilla/5.0 (Linux; Android 7.0;) AppleWebKit/537.36 (KHTML, like Gecko) Mobile Safari/537.36 (compatible; PetalBot;+https://webmaster.petalsearch.com/site/petalbot)" "www.moreno-ibarra.com"
114.119.143.226 - - [12/Oct/2022:07:33:30 -0700] "GET /hahoo_site_admin_/cache HTTP/1.1" 301 1419 "http://moreno-ibarra.com/hahoo_site_admin_/cache/collection?C=M%3BO%3DA" "Mozilla/5.0 (Linux; Android 7.0;) AppleWebKit/537.36 (KHTML, like Gecko) Mobile Safari/537.36 (compatible; PetalBot;+https://webmaster.petalsearch.com/site/petalbot)" "moreno-ibarra.com"
114.119.143.226 - - [12/Oct/2022:07:33:31 -0700] "GET /hahoo_site_admin_/cache/ HTTP/1.1" 200 382 "http://moreno-ibarra.com/hahoo_site_admin_/cache/collection?C=M%3BO%3DA" "Mozilla/5.0 (Linux; Android 7.0;) AppleWebKit/537.36 (KHTML, like Gecko) Mobile Safari/537.36 (compatible; PetalBot;+https://webmaster.petalsearch.com/site/petalbot)" "moreno-ibarra.com"
114.119.143.225 - - [12/Oct/2022:07:55:11 -0700] "GET /?C=M%3BO%3DA HTTP/1.1" 200 330 "https://moreno-ibarra.com/?C=D%3BO%3DA" "Mozilla/5.0 (Linux; Android 7.0;) AppleWebKit/537.36 (KHTML, like Gecko) Mobile Safari/537.36 (compatible; PetalBot;+https://webmaster.petalsearch.com/site/petalbot)" "moreno-ibarra.com"
176.31.115.13 - - [12/Oct/2022:08:50:21 -0700] "GET /contactenos/ HTTP/1.1" 404 73 "http://moreno-ibarra.com/contactenos/" "Mozilla/5.0 (Windows NT 10.0; Win64; x64) AppleWebKit/537.36 (KHTML, like Gecko) Chrome/90.0.4430.85 Safari/537.36 Edg/90.0.818.49" "moreno-ibarra.com"
176.31.115.13 - - [12/Oct/2022:08:50:21 -0700] "GET / HTTP/1.1" 200 557 "http://moreno-ibarra.com/" "Mozilla/5.0 (Windows NT 10.0; Win64; x64) AppleWebKit/537.36 (KHTML, like Gecko) Chrome/90.0.4430.85 Safari/537.36 Edg/90.0.818.49" "moreno-ibarra.com"
114.119.143.225 - - [12/Oct/2022:09:05:58 -0700] "GET /hahoo_site_admin_/?C=N%3BO%3DD HTTP/1.1" 200 430 "http://moreno-ibarra.com/hahoo_site_admin_/?C=S%3BO%3DA" "Mozilla/5.0 (Linux; Android 7.0;) AppleWebKit/537.36 (KHTML, like Gecko) Mobile Safari/537.36 (compatible; PetalBot;+https://webmaster.petalsearch.com/site/petalbot)" "moreno-ibarra.com"
35.196.55.139 - - [12/Oct/2022:09:17:34 -0700] "GET /robots.txt HTTP/1.1" 404 88 "-" "ZoominfoBot (zoominfobot at zoominfo dot com)" "www.moreno-ibarra.com"
35.196.55.139 - - [12/Oct/2022:09:17:34 -0700] "GET / HTTP/1.1" 200 330 "-" "ZoominfoBot (zoominfobot at zoominfo dot com)" "www.moreno-ibarra.com"
195.176.3.24 - - [12/Oct/2022:09:50:24 -0700] "GET /contactenos/ HTTP/1.1" 404 73 "http://moreno-ibarra.com/contactenos/" "Mozilla/5.0 (Windows NT 6.1; Win64; x64) AppleWebKit/537.36 (KHTML, like Gecko) Chrome/90.0.4430.85 Safari/537.36" "moreno-ibarra.com"
195.176.3.24 - - [12/Oct/2022:09:50:25 -0700] "GET / HTTP/1.1" 200 557 "http://moreno-ibarra.com/" "Mozilla/5.0 (Windows NT 6.1; Win64; x64) AppleWebKit/537.36 (KHTML, like Gecko) Chrome/90.0.4430.85 Safari/537.36" "moreno-ibarra.com"
114.119.143.226 - - [12/Oct/2022:09:54:28 -0700] "GET /hahoo_site_admin_/cache/collection/165ed8e4565f2578bb6141f81d82febd HTTP/1.1" 200 70840 "http://www.moreno-ibarra.com/hahoo_site_admin_/cache/collection?C=D%3BO%3DA" "Mozilla/5.0 (Linux; Android 7.0;) AppleWebKit/537.36 (KHTML, like Gecko) Mobile Safari/537.36 (compatible; PetalBot;+https://webmaster.petalsearch.com/site/petalbot)" "www.moreno-ibarra.com"
114.119.143.225 - - [12/Oct/2022:11:05:09 -0700] "GET /hahoo_site_admin_/assets/images/?C=S%3BO%3DA HTTP/1.1" 200 2524 "http://moreno-ibarra.com/hahoo_site_admin_/assets/images/" "Mozilla/5.0 (Linux; Android 7.0;) AppleWebKit/537.36 (KHTML, like Gecko) Mobile Safari/537.36 (compatible; PetalBot;+https://webmaster.petalsearch.com/site/petalbot)" "moreno-ibarra.com"
114.119.143.225 - - [12/Oct/2022:11:16:51 -0700] "GET /hahoo_site_admin_/assets/images/?C=M%3BO%3DA HTTP/1.1" 200 2524 "http://www.moreno-ibarra.com/hahoo_site_admin_/assets/images/?C=D%3BO%3DA" "Mozilla/5.0 (Linux; Android 7.0;) AppleWebKit/537.36 (KHTML, like Gecko) Mobile Safari/537.36 (compatible; PetalBot;+https://webmaster.petalsearch.com/site/petalbot)" "www.moreno-ibarra.com"
114.119.143.247 - - [12/Oct/2022:11:23:24 -0700] "GET /hahoo_site_admin_/logs?C=M%3BO%3DA HTTP/1.1" 301 1435 "http://www.moreno-ibarra.com/hahoo_site_admin_/logs?C=N%3BO%3DD" "Mozilla/5.0 (Linux; Android 7.0;) AppleWebKit/537.36 (KHTML, like Gecko) Mobile Safari/537.36 (compatible; PetalBot;+https://webmaster.petalsearch.com/site/petalbot)" "www.moreno-ibarra.com"
114.119.143.247 - - [12/Oct/2022:11:23:28 -0700] "GET /hahoo_site_admin_/logs/?C=M%3BO%3DA HTTP/1.1" 200 521 "http://www.moreno-ibarra.com/hahoo_site_admin_/logs?C=N%3BO%3DD" "Mozilla/5.0 (Linux; Android 7.0;) AppleWebKit/537.36 (KHTML, like Gecko) Mobile Safari/537.36 (compatible; PetalBot;+https://webmaster.petalsearch.com/site/petalbot)" "www.moreno-ibarra.com"
114.119.143.247 - - [12/Oct/2022:11:28:57 -0700] "GET /hahoo_site_admin_/assets/?C=D%3BO%3DA HTTP/1.1" 200 366 "http://moreno-ibarra.com/hahoo_site_admin_/assets?C=D%3BO%3DA" "Mozilla/5.0 (Linux; Android 7.0;) AppleWebKit/537.36 (KHTML, like Gecko) Mobile Safari/537.36 (compatible; PetalBot;+https://webmaster.petalsearch.com/site/petalbot)" "moreno-ibarra.com"
136.243.18.111 - - [12/Oct/2022:12:51:50 -0700] "GET / HTTP/1.1" 200 330 "-" "python-requests/2.28.1" "moreno-ibarra.com"
59.36.172.206 - - [12/Oct/2022:13:12:13 -0700] "GET /wp-login.php HTTP/1.1" 404 88 "-" "Apache-HttpClient/4.5.2 (Java/1.8.0_161)" "moreno-ibarra.com"
59.36.172.206 - - [12/Oct/2022:13:12:13 -0700] "GET /?author=1 HTTP/1.1" 200 330 "-" "Apache-HttpClient/4.5.2 (Java/1.8.0_161)" "moreno-ibarra.com"
59.36.172.206 - - [12/Oct/2022:13:12:14 -0700] "GET /?author=2 HTTP/1.1" 200 330 "-" "Apache-HttpClient/4.5.2 (Java/1.8.0_161)" "moreno-ibarra.com"
59.36.172.206 - - [12/Oct/2022:13:12:14 -0700] "GET /?author=3 HTTP/1.1" 200 330 "-" "Apache-HttpClient/4.5.2 (Java/1.8.0_161)" "moreno-ibarra.com"
59.36.172.206 - - [12/Oct/2022:13:12:14 -0700] "GET /?author=4 HTTP/1.1" 200 330 "-" "Apache-HttpClient/4.5.2 (Java/1.8.0_161)" "moreno-ibarra.com"
59.36.172.206 - - [12/Oct/2022:13:12:14 -0700] "GET /?author=5 HTTP/1.1" 200 330 "-" "Apache-HttpClient/4.5.2 (Java/1.8.0_161)" "moreno-ibarra.com"
59.36.172.206 - - [12/Oct/2022:13:12:15 -0700] "GET /?author=6 HTTP/1.1" 200 330 "-" "Apache-HttpClient/4.5.2 (Java/1.8.0_161)" "moreno-ibarra.com"
59.36.172.206 - - [12/Oct/2022:13:12:15 -0700] "GET /?author=7 HTTP/1.1" 200 330 "-" "Apache-HttpClient/4.5.2 (Java/1.8.0_161)" "moreno-ibarra.com"
59.36.172.206 - - [12/Oct/2022:13:12:15 -0700] "GET /?author=8 HTTP/1.1" 200 330 "-" "Apache-HttpClient/4.5.2 (Java/1.8.0_161)" "moreno-ibarra.com"
59.36.172.206 - - [12/Oct/2022:13:12:16 -0700] "GET /?author=9 HTTP/1.1" 200 330 "-" "Apache-HttpClient/4.5.2 (Java/1.8.0_161)" "moreno-ibarra.com"
59.36.172.206 - - [12/Oct/2022:13:12:16 -0700] "GET /?author=10 HTTP/1.1" 200 330 "-" "Apache-HttpClient/4.5.2 (Java/1.8.0_161)" "moreno-ibarra.com"
59.36.172.206 - - [12/Oct/2022:13:12:16 -0700] "GET /?author=11 HTTP/1.1" 200 330 "-" "Apache-HttpClient/4.5.2 (Java/1.8.0_161)" "moreno-ibarra.com"
59.36.172.206 - - [12/Oct/2022:13:12:16 -0700] "GET /?author=12 HTTP/1.1" 200 330 "-" "Apache-HttpClient/4.5.2 (Java/1.8.0_161)" "moreno-ibarra.com"
59.36.172.206 - - [12/Oct/2022:13:12:17 -0700] "GET /?author=13 HTTP/1.1" 200 330 "-" "Apache-HttpClient/4.5.2 (Java/1.8.0_161)" "moreno-ibarra.com"
59.36.172.206 - - [12/Oct/2022:13:12:17 -0700] "GET /?author=14 HTTP/1.1" 200 330 "-" "Apache-HttpClient/4.5.2 (Java/1.8.0_161)" "moreno-ibarra.com"
59.36.172.206 - - [12/Oct/2022:13:12:17 -0700] "GET /?author=15 HTTP/1.1" 200 330 "-" "Apache-HttpClient/4.5.2 (Java/1.8.0_161)" "moreno-ibarra.com"
59.36.172.206 - - [12/Oct/2022:13:12:17 -0700] "GET /?author=16 HTTP/1.1" 200 330 "-" "Apache-HttpClient/4.5.2 (Java/1.8.0_161)" "moreno-ibarra.com"
59.36.172.206 - - [12/Oct/2022:13:12:18 -0700] "GET /?author=17 HTTP/1.1" 200 330 "-" "Apache-HttpClient/4.5.2 (Java/1.8.0_161)" "moreno-ibarra.com"
59.36.172.206 - - [12/Oct/2022:13:12:18 -0700] "GET /?author=18 HTTP/1.1" 200 330 "-" "Apache-HttpClient/4.5.2 (Java/1.8.0_161)" "moreno-ibarra.com"
59.36.172.206 - - [12/Oct/2022:13:12:18 -0700] "GET /?author=19 HTTP/1.1" 200 330 "-" "Apache-HttpClient/4.5.2 (Java/1.8.0_161)" "moreno-ibarra.com"
59.36.172.206 - - [12/Oct/2022:13:12:19 -0700] "GET /?author=20 HTTP/1.1" 200 330 "-" "Apache-HttpClient/4.5.2 (Java/1.8.0_161)" "moreno-ibarra.com"
40.77.167.27 - - [12/Oct/2022:13:25:44 -0700] "GET / HTTP/1.1" 200 330 "-" "Mozilla/5.0 (compatible; bingbot/2.0; +http://www.bing.com/bingbot.htm)" "www.moreno-ibarra.com"
157.55.39.138 - - [12/Oct/2022:14:39:00 -0700] "GET / HTTP/1.1" 200 330 "-" "Mozilla/5.0 (compatible; bingbot/2.0; +http://www.bing.com/bingbot.htm)" "moreno-ibarra.com"
157.55.39.138 - - [12/Oct/2022:15:39:25 -0700] "GET / HTTP/1.1" 200 330 "-" "Mozilla/5.0 (compatible; bingbot/2.0; +http://www.bing.com/bingbot.htm)" "www.moreno-ibarra.com"
114.119.133.194 - - [12/Oct/2022:15:47:17 -0700] "GET /robots.txt HTTP/1.1" 404 88 "-" "Mozilla/5.0 (compatible;PetalBot;+https://webmaster.petalsearch.com/site/petalbot)" "www.moreno-ibarra.com"
114.119.143.233 - - [12/Oct/2022:15:51:07 -0700] "GET /hahoo_site_admin_/logs/ HTTP/1.1" 200 521 "http://www.moreno-ibarra.com/hahoo_site_admin_/?C=M%3BO%3DA" "Mozilla/5.0 (Linux; Android 7.0;) AppleWebKit/537.36 (KHTML, like Gecko) Mobile Safari/537.36 (compatible; PetalBot;+https://webmaster.petalsearch.com/site/petalbot)" "www.moreno-ibarra.com"
114.119.143.233 - - [12/Oct/2022:16:07:32 -0700] "GET /hahoo_site_admin_/credentials/?C=D%3BO%3DA HTTP/1.1" 200 378 "http://www.moreno-ibarra.com/hahoo_site_admin_/credentials" "Mozilla/5.0 (Linux; Android 7.0;) AppleWebKit/537.36 (KHTML, like Gecko) Mobile Safari/537.36 (compatible; PetalBot;+https://webmaster.petalsearch.com/site/petalbot)" "www.moreno-ibarra.com"
178.141.10.246 - - [12/Oct/2022:16:09:29 -0700] "GET /contactenos/ HTTP/1.1" 404 73 "http://moreno-ibarra.com/contactenos/" "Mozilla/5.0 (Windows NT 6.3) AppleWebKit/537.36 (KHTML, like Gecko) Chrome/90.0.4430.72 Safari/537.36" "moreno-ibarra.com"
114.119.143.215 - - [12/Oct/2022:16:12:52 -0700] "GET /hahoo_site_admin_/cache/?C=N%3BO%3DD HTTP/1.1" 200 382 "http://moreno-ibarra.com/hahoo_site_admin_/cache/?C=M%3BO%3DA" "Mozilla/5.0 (Linux; Android 7.0;) AppleWebKit/537.36 (KHTML, like Gecko) Mobile Safari/537.36 (compatible; PetalBot;+https://webmaster.petalsearch.com/site/petalbot)" "moreno-ibarra.com"
114.119.143.25 - - [12/Oct/2022:16:18:18 -0700] "GET /hahoo_site_admin_/credentials?C=S%3BO%3DA HTTP/1.1" 301 1439 "http://www.moreno-ibarra.com/hahoo_site_admin_/credentials?C=M%3BO%3DA" "Mozilla/5.0 (Linux; Android 7.0;) AppleWebKit/537.36 (KHTML, like Gecko) Mobile Safari/537.36 (compatible; PetalBot;+https://webmaster.petalsearch.com/site/petalbot)" "www.moreno-ibarra.com"
114.119.143.25 - - [12/Oct/2022:16:18:19 -0700] "GET /hahoo_site_admin_/credentials/?C=S%3BO%3DA HTTP/1.1" 200 378 "http://www.moreno-ibarra.com/hahoo_site_admin_/credentials?C=M%3BO%3DA" "Mozilla/5.0 (Linux; Android 7.0;) AppleWebKit/537.36 (KHTML, like Gecko) Mobile Safari/537.36 (compatible; PetalBot;+https://webmaster.petalsearch.com/site/petalbot)" "www.moreno-ibarra.com"
114.119.143.225 - - [12/Oct/2022:16:23:32 -0700] "GET /hahoo_site_admin_/assets/images?C=D%3BO%3DA HTTP/1.1" 301 1438 "http://moreno-ibarra.com/hahoo_site_admin_/assets/images?C=S%3BO%3DA" "Mozilla/5.0 (Linux; Android 7.0;) AppleWebKit/537.36 (KHTML, like Gecko) Mobile Safari/537.36 (compatible; PetalBot;+https://webmaster.petalsearch.com/site/petalbot)" "moreno-ibarra.com"
114.119.143.225 - - [12/Oct/2022:16:23:33 -0700] "GET /hahoo_site_admin_/assets/images/?C=D%3BO%3DA HTTP/1.1" 200 2524 "http://moreno-ibarra.com/hahoo_site_admin_/assets/images?C=S%3BO%3DA" "Mozilla/5.0 (Linux; Android 7.0;) AppleWebKit/537.36 (KHTML, like Gecko) Mobile Safari/537.36 (compatible; PetalBot;+https://webmaster.petalsearch.com/site/petalbot)" "moreno-ibarra.com"
45.82.178.159 - - [12/Oct/2022:16:25:59 -0700] "GET /contactenos/ HTTP/1.1" 404 73 "http://moreno-ibarra.com/contactenos/" "Mozilla/5.0 (Windows NT 10.0; Win64; x64) AppleWebKit/537.36 (KHTML, like Gecko) Chrome/90.0.4430.72 Safari/537.36 Edg/90.0.818.39" "moreno-ibarra.com"
45.82.178.159 - - [12/Oct/2022:16:26:00 -0700] "GET / HTTP/1.1" 200 557 "http://moreno-ibarra.com/" "Mozilla/5.0 (Windows NT 10.0; Win64; x64) AppleWebKit/537.36 (KHTML, like Gecko) Chrome/90.0.4430.72 Safari/537.36 Edg/90.0.818.39" "moreno-ibarra.com"
114.119.155.122 - - [12/Oct/2022:16:28:43 -0700] "GET /?C=D%3BO%3DA HTTP/1.1" 200 330 "https://moreno-ibarra.com/" "Mozilla/5.0 (Linux; Android 7.0;) AppleWebKit/537.36 (KHTML, like Gecko) Mobile Safari/537.36 (compatible; PetalBot;+https://webmaster.petalsearch.com/site/petalbot)" "moreno-ibarra.com"
114.119.143.25 - - [12/Oct/2022:16:28:54 -0700] "GET /hahoo_site_admin_/logs/?C=S%3BO%3DA HTTP/1.1" 200 521 "http://www.moreno-ibarra.com/hahoo_site_admin_/logs/?C=N%3BO%3DD" "Mozilla/5.0 (Linux; Android 7.0;) AppleWebKit/537.36 (KHTML, like Gecko) Mobile Safari/537.36 (compatible; PetalBot;+https://webmaster.petalsearch.com/site/petalbot)" "www.moreno-ibarra.com"
114.119.143.226 - - [12/Oct/2022:16:34:17 -0700] "GET /hahoo_site_admin_/cache/collection?C=N%3BO%3DD HTTP/1.1" 301 1438 "http://moreno-ibarra.com/hahoo_site_admin_/cache/collection" "Mozilla/5.0 (Linux; Android 7.0;) AppleWebKit/537.36 (KHTML, like Gecko) Mobile Safari/537.36 (compatible; PetalBot;+https://webmaster.petalsearch.com/site/petalbot)" "moreno-ibarra.com"
114.119.143.226 - - [12/Oct/2022:16:34:18 -0700] "GET /hahoo_site_admin_/cache/collection/?C=N%3BO%3DD HTTP/1.1" 200 774 "http://moreno-ibarra.com/hahoo_site_admin_/cache/collection" "Mozilla/5.0 (Linux; Android 7.0;) AppleWebKit/537.36 (KHTML, like Gecko) Mobile Safari/537.36 (compatible; PetalBot;+https://webmaster.petalsearch.com/site/petalbot)" "moreno-ibarra.com"
114.119.143.213 - - [12/Oct/2022:16:39:34 -0700] "GET /hahoo_site_admin_/assets/images?C=S%3BO%3DA HTTP/1.1" 301 1438 "http://moreno-ibarra.com/hahoo_site_admin_/assets/images?C=D%3BO%3DA" "Mozilla/5.0 (Linux; Android 7.0;) AppleWebKit/537.36 (KHTML, like Gecko) Mobile Safari/537.36 (compatible; PetalBot;+https://webmaster.petalsearch.com/site/petalbot)" "moreno-ibarra.com"
114.119.143.213 - - [12/Oct/2022:16:39:34 -0700] "GET /hahoo_site_admin_/assets/images/?C=S%3BO%3DA HTTP/1.1" 200 2524 "http://moreno-ibarra.com/hahoo_site_admin_/assets/images?C=D%3BO%3DA" "Mozilla/5.0 (Linux; Android 7.0;) AppleWebKit/537.36 (KHTML, like Gecko) Mobile Safari/537.36 (compatible; PetalBot;+https://webmaster.petalsearch.com/site/petalbot)" "moreno-ibarra.com"
114.119.143.233 - - [12/Oct/2022:16:44:58 -0700] "GET /?C=M%3BO%3DA HTTP/1.1" 200 330 "http://www.moreno-ibarra.com/" "Mozilla/5.0 (compatible;PetalBot;+https://webmaster.petalsearch.com/site/petalbot)" "www.moreno-ibarra.com"
114.119.152.71 - - [12/Oct/2022:16:46:45 -0700] "GET /robots.txt HTTP/1.1" 404 88 "-" "Mozilla/5.0 (compatible;PetalBot;+https://webmaster.petalsearch.com/site/petalbot)" "moreno-ibarra.com"
