157.55.39.187 - - [23/Nov/2022:16:14:23 -0800] "GET / HTTP/1.1" 200 330 "-" "Mozilla/5.0 AppleWebKit/537.36 (KHTML, like Gecko; compatible; bingbot/2.0; +http://www.bing.com/bingbot.htm) Chrome/103.0.5060.134 Safari/537.36" "moreno-ibarra.com"
35.231.183.32 - - [23/Nov/2022:16:27:07 -0800] "GET /robots.txt HTTP/1.1" 404 88 "-" "ZoominfoBot (zoominfobot at zoominfo dot com)" "moreno-ibarra.com"
35.231.183.32 - - [23/Nov/2022:16:27:07 -0800] "GET /?C=N;O=D HTTP/1.1" 200 328 "-" "ZoominfoBot (zoominfobot at zoominfo dot com)" "moreno-ibarra.com"
14.29.243.4 - - [23/Nov/2022:16:35:50 -0800] "GET /wp-login.php HTTP/1.1" 404 88 "-" "Apache-HttpClient/4.5.2 (Java/1.8.0_161)" "moreno-ibarra.com"
14.29.243.4 - - [23/Nov/2022:16:35:51 -0800] "GET /?author=1 HTTP/1.1" 200 330 "-" "Apache-HttpClient/4.5.2 (Java/1.8.0_161)" "moreno-ibarra.com"
14.29.243.4 - - [23/Nov/2022:16:35:51 -0800] "GET /?author=2 HTTP/1.1" 200 330 "-" "Apache-HttpClient/4.5.2 (Java/1.8.0_161)" "moreno-ibarra.com"
14.29.243.4 - - [23/Nov/2022:16:35:52 -0800] "GET /?author=3 HTTP/1.1" 200 330 "-" "Apache-HttpClient/4.5.2 (Java/1.8.0_161)" "moreno-ibarra.com"
14.29.243.4 - - [23/Nov/2022:16:35:52 -0800] "GET /?author=4 HTTP/1.1" 200 330 "-" "Apache-HttpClient/4.5.2 (Java/1.8.0_161)" "moreno-ibarra.com"
14.29.243.4 - - [23/Nov/2022:16:35:52 -0800] "GET /?author=5 HTTP/1.1" 200 330 "-" "Apache-HttpClient/4.5.2 (Java/1.8.0_161)" "moreno-ibarra.com"
14.29.243.4 - - [23/Nov/2022:16:35:52 -0800] "GET /?author=6 HTTP/1.1" 200 330 "-" "Apache-HttpClient/4.5.2 (Java/1.8.0_161)" "moreno-ibarra.com"
14.29.243.4 - - [23/Nov/2022:16:35:53 -0800] "GET /?author=7 HTTP/1.1" 200 330 "-" "Apache-HttpClient/4.5.2 (Java/1.8.0_161)" "moreno-ibarra.com"
14.29.243.4 - - [23/Nov/2022:16:35:53 -0800] "GET /?author=8 HTTP/1.1" 200 330 "-" "Apache-HttpClient/4.5.2 (Java/1.8.0_161)" "moreno-ibarra.com"
14.29.243.4 - - [23/Nov/2022:16:35:53 -0800] "GET /?author=9 HTTP/1.1" 200 330 "-" "Apache-HttpClient/4.5.2 (Java/1.8.0_161)" "moreno-ibarra.com"
14.29.243.4 - - [23/Nov/2022:16:35:53 -0800] "GET /?author=10 HTTP/1.1" 200 330 "-" "Apache-HttpClient/4.5.2 (Java/1.8.0_161)" "moreno-ibarra.com"
14.29.243.4 - - [23/Nov/2022:16:35:54 -0800] "GET /?author=11 HTTP/1.1" 200 330 "-" "Apache-HttpClient/4.5.2 (Java/1.8.0_161)" "moreno-ibarra.com"
14.29.243.4 - - [23/Nov/2022:16:35:54 -0800] "GET /?author=12 HTTP/1.1" 200 330 "-" "Apache-HttpClient/4.5.2 (Java/1.8.0_161)" "moreno-ibarra.com"
14.29.243.4 - - [23/Nov/2022:16:35:54 -0800] "GET /?author=13 HTTP/1.1" 200 330 "-" "Apache-HttpClient/4.5.2 (Java/1.8.0_161)" "moreno-ibarra.com"
14.29.243.4 - - [23/Nov/2022:16:35:55 -0800] "GET /?author=14 HTTP/1.1" 200 330 "-" "Apache-HttpClient/4.5.2 (Java/1.8.0_161)" "moreno-ibarra.com"
14.29.243.4 - - [23/Nov/2022:16:35:55 -0800] "GET /?author=15 HTTP/1.1" 200 330 "-" "Apache-HttpClient/4.5.2 (Java/1.8.0_161)" "moreno-ibarra.com"
14.29.243.4 - - [23/Nov/2022:16:35:55 -0800] "GET /?author=16 HTTP/1.1" 200 330 "-" "Apache-HttpClient/4.5.2 (Java/1.8.0_161)" "moreno-ibarra.com"
14.29.243.4 - - [23/Nov/2022:16:35:55 -0800] "GET /?author=17 HTTP/1.1" 200 330 "-" "Apache-HttpClient/4.5.2 (Java/1.8.0_161)" "moreno-ibarra.com"
14.29.243.4 - - [23/Nov/2022:16:35:56 -0800] "GET /?author=18 HTTP/1.1" 200 330 "-" "Apache-HttpClient/4.5.2 (Java/1.8.0_161)" "moreno-ibarra.com"
14.29.243.4 - - [23/Nov/2022:16:35:56 -0800] "GET /?author=19 HTTP/1.1" 200 330 "-" "Apache-HttpClient/4.5.2 (Java/1.8.0_161)" "moreno-ibarra.com"
14.29.243.4 - - [23/Nov/2022:16:35:56 -0800] "GET /?author=20 HTTP/1.1" 200 330 "-" "Apache-HttpClient/4.5.2 (Java/1.8.0_161)" "moreno-ibarra.com"
114.119.143.233 - - [23/Nov/2022:16:42:17 -0800] "GET /hahoo_site_admin_/assets/?C=S%3BO%3DA HTTP/1.1" 200 366 "http://www.moreno-ibarra.com/hahoo_site_admin_/assets?C=S%3BO%3DA" "Mozilla/5.0 (Linux; Android 7.0;) AppleWebKit/537.36 (KHTML, like Gecko) Mobile Safari/537.36 (compatible; PetalBot;+https://webmaster.petalsearch.com/site/petalbot)" "www.moreno-ibarra.com"
89.22.237.107 - - [23/Nov/2022:16:48:47 -0800] "GET /contactenos/ HTTP/1.1" 404 73 "http://moreno-ibarra.com/contactenos/" "Mozilla/5.0 (Windows NT 6.1; Win64; x64) AppleWebKit/537.36 (KHTML, like Gecko) Chrome/90.0.4430.93 Safari/537.36" "moreno-ibarra.com"
89.22.237.107 - - [23/Nov/2022:16:48:48 -0800] "GET / HTTP/1.1" 200 557 "http://moreno-ibarra.com/" "Mozilla/5.0 (Windows NT 6.1; Win64; x64) AppleWebKit/537.36 (KHTML, like Gecko) Chrome/90.0.4430.93 Safari/537.36" "moreno-ibarra.com"
216.244.66.241 - - [23/Nov/2022:16:57:45 -0800] "GET /robots.txt HTTP/1.1" 404 73 "-" "Mozilla/5.0 (compatible; DotBot/1.2; +https://opensiteexplorer.org/dotbot; help@moz.com)" "moreno-ibarra.com"
216.244.66.241 - - [23/Nov/2022:16:57:45 -0800] "GET /robots.txt HTTP/1.1" 404 73 "-" "Mozilla/5.0 (compatible; DotBot/1.2; +https://opensiteexplorer.org/dotbot; help@moz.com)" "www.moreno-ibarra.com"
114.119.128.5 - - [23/Nov/2022:17:26:02 -0800] "GET /robots.txt HTTP/1.1" 404 88 "-" "Mozilla/5.0 (compatible;PetalBot;+https://webmaster.petalsearch.com/site/petalbot)" "www.moreno-ibarra.com"
109.127.128.11 - - [23/Nov/2022:17:50:22 -0800] "GET /contactenos/ HTTP/1.1" 404 73 "http://moreno-ibarra.com/contactenos/" "Mozilla/5.0 (Windows NT 10.0; Win64; x64) AppleWebKit/537.36 (KHTML, like Gecko) Chrome/90.0.4430.72 Safari/537.36 Edg/90.0.818.42" "moreno-ibarra.com"
109.127.128.11 - - [23/Nov/2022:17:50:22 -0800] "GET / HTTP/1.1" 200 557 "http://moreno-ibarra.com/" "Mozilla/5.0 (Windows NT 10.0; Win64; x64) AppleWebKit/537.36 (KHTML, like Gecko) Chrome/90.0.4430.72 Safari/537.36 Edg/90.0.818.42" "moreno-ibarra.com"
216.244.66.241 - - [23/Nov/2022:17:50:57 -0800] "GET /robots.txt HTTP/1.1" 404 73 "-" "Mozilla/5.0 (compatible; DotBot/1.2; +https://opensiteexplorer.org/dotbot; help@moz.com)" "moreno-ibarra.com"
216.244.66.241 - - [23/Nov/2022:17:50:57 -0800] "GET /robots.txt HTTP/1.1" 404 73 "-" "Mozilla/5.0 (compatible; DotBot/1.2; +https://opensiteexplorer.org/dotbot; help@moz.com)" "www.moreno-ibarra.com"
114.119.150.75 - - [23/Nov/2022:17:57:33 -0800] "GET /robots.txt HTTP/1.1" 404 88 "-" "Mozilla/5.0 (compatible;PetalBot;+https://webmaster.petalsearch.com/site/petalbot)" "moreno-ibarra.com"
114.119.143.152 - - [23/Nov/2022:18:16:13 -0800] "GET /robots.txt HTTP/1.1" 404 88 "-" "Mozilla/5.0 (compatible;PetalBot;+https://webmaster.petalsearch.com/site/petalbot)" "www.moreno-ibarra.com"
35.231.183.32 - - [23/Nov/2022:18:17:27 -0800] "GET /?C=D;O=A HTTP/1.1" 200 330 "-" "ZoominfoBot (zoominfobot at zoominfo dot com)" "moreno-ibarra.com"
35.231.183.32 - - [23/Nov/2022:18:27:41 -0800] "GET /?C=M;O=A HTTP/1.1" 200 331 "-" "ZoominfoBot (zoominfobot at zoominfo dot com)" "moreno-ibarra.com"
35.231.183.32 - - [23/Nov/2022:18:28:43 -0800] "GET /robots.txt HTTP/1.1" 404 88 "-" "ZoominfoBot (zoominfobot at zoominfo dot com)" "www.moreno-ibarra.com"
35.231.183.32 - - [23/Nov/2022:18:28:43 -0800] "GET /?C=N;O=D HTTP/1.1" 200 328 "-" "ZoominfoBot (zoominfobot at zoominfo dot com)" "www.moreno-ibarra.com"
35.231.183.32 - - [23/Nov/2022:18:34:31 -0800] "GET /?C=S;O=A HTTP/1.1" 200 331 "-" "ZoominfoBot (zoominfobot at zoominfo dot com)" "moreno-ibarra.com"
216.244.66.241 - - [23/Nov/2022:18:43:26 -0800] "GET /robots.txt HTTP/1.1" 404 73 "-" "Mozilla/5.0 (compatible; DotBot/1.2; +https://opensiteexplorer.org/dotbot; help@moz.com)" "moreno-ibarra.com"
216.244.66.241 - - [23/Nov/2022:18:43:26 -0800] "GET /robots.txt HTTP/1.1" 404 73 "-" "Mozilla/5.0 (compatible; DotBot/1.2; +https://opensiteexplorer.org/dotbot; help@moz.com)" "www.moreno-ibarra.com"
35.231.183.32 - - [23/Nov/2022:18:51:11 -0800] "GET /?C=S;O=A HTTP/1.1" 200 331 "-" "ZoominfoBot (zoominfobot at zoominfo dot com)" "www.moreno-ibarra.com"
34.221.107.233 - - [23/Nov/2022:19:16:36 -0800] "GET / HTTP/1.1" 200 330 "-" "Mozilla/5.0 (X11; Linux x86_64) AppleWebKit/537.36 (KHTML, like Gecko) Chrome/83.0.4103.97 Safari/537.36" "moreno-ibarra.com"
54.149.85.52 - - [23/Nov/2022:19:16:37 -0800] "GET / HTTP/1.1" 200 330 "-" "Mozilla/5.0 (X11; Linux x86_64) AppleWebKit/537.36 (KHTML, like Gecko) Chrome/83.0.4103.97 Safari/537.36" "moreno-ibarra.com"
35.92.115.120 - - [23/Nov/2022:19:17:19 -0800] "GET /favicon.ico HTTP/1.1" 404 88 "-" "Mozilla/5.0 (X11; Linux x86_64) AppleWebKit/537.36 (KHTML, like Gecko) Chrome/83.0.4103.97 Safari/537.36" "moreno-ibarra.com"
35.92.115.120 - - [23/Nov/2022:19:17:21 -0800] "GET / HTTP/1.1" 200 330 "-" "Mozilla/5.0 (X11; Linux x86_64) AppleWebKit/537.36 (KHTML, like Gecko) Chrome/83.0.4103.97 Safari/537.36" "moreno-ibarra.com"
216.244.66.241 - - [23/Nov/2022:19:37:47 -0800] "GET /robots.txt HTTP/1.1" 404 73 "-" "Mozilla/5.0 (compatible; DotBot/1.2; +https://opensiteexplorer.org/dotbot; help@moz.com)" "moreno-ibarra.com"
216.244.66.241 - - [23/Nov/2022:19:37:47 -0800] "GET /robots.txt HTTP/1.1" 404 73 "-" "Mozilla/5.0 (compatible; DotBot/1.2; +https://opensiteexplorer.org/dotbot; help@moz.com)" "www.moreno-ibarra.com"
35.231.183.32 - - [23/Nov/2022:19:58:01 -0800] "GET /hahoo_site_admin_/ HTTP/1.1" 200 430 "-" "ZoominfoBot (zoominfobot at zoominfo dot com)" "www.moreno-ibarra.com"
51.222.253.17 - - [23/Nov/2022:20:32:34 -0800] "GET /hahoo_site_admin_/cache/?C=D;O=A HTTP/1.1" 200 382 "-" "Mozilla/5.0 (compatible; AhrefsBot/7.0; +http://ahrefs.com/robot/)" "www.moreno-ibarra.com"
114.119.156.181 - - [23/Nov/2022:20:41:41 -0800] "GET /robots.txt HTTP/1.1" 404 88 "-" "Mozilla/5.0 (compatible;PetalBot;+https://webmaster.petalsearch.com/site/petalbot)" "moreno-ibarra.com"
216.244.66.241 - - [23/Nov/2022:20:41:55 -0800] "GET /robots.txt HTTP/1.1" 404 73 "-" "Mozilla/5.0 (compatible; DotBot/1.2; +https://opensiteexplorer.org/dotbot; help@moz.com)" "www.moreno-ibarra.com"
51.222.253.15 - - [23/Nov/2022:21:12:56 -0800] "GET /hahoo_site_admin_/?C=N;O=A HTTP/1.1" 200 430 "-" "Mozilla/5.0 (compatible; AhrefsBot/7.0; +http://ahrefs.com/robot/)" "www.moreno-ibarra.com"
157.55.39.187 - - [23/Nov/2022:21:22:33 -0800] "GET / HTTP/1.1" 200 330 "-" "Mozilla/5.0 AppleWebKit/537.36 (KHTML, like Gecko; compatible; bingbot/2.0; +http://www.bing.com/bingbot.htm) Chrome/103.0.5060.134 Safari/537.36" "www.moreno-ibarra.com"
35.231.183.32 - - [23/Nov/2022:21:38:46 -0800] "GET /hahoo_site_admin_/ HTTP/1.1" 200 430 "-" "ZoominfoBot (zoominfobot at zoominfo dot com)" "moreno-ibarra.com"
216.244.66.241 - - [23/Nov/2022:21:46:13 -0800] "GET /robots.txt HTTP/1.1" 404 73 "-" "Mozilla/5.0 (compatible; DotBot/1.2; +https://opensiteexplorer.org/dotbot; help@moz.com)" "moreno-ibarra.com"
216.244.66.241 - - [23/Nov/2022:21:46:13 -0800] "GET /robots.txt HTTP/1.1" 404 73 "-" "Mozilla/5.0 (compatible; DotBot/1.2; +https://opensiteexplorer.org/dotbot; help@moz.com)" "www.moreno-ibarra.com"
31.171.154.77 - - [23/Nov/2022:21:46:44 -0800] "GET /contactenos/ HTTP/1.1" 404 73 "http://moreno-ibarra.com/contactenos/" "Mozilla/5.0 (Windows NT 6.3; Win64; x64) AppleWebKit/537.36 (KHTML, like Gecko) Chrome/90.0.4430.85 Safari/537.36" "moreno-ibarra.com"
31.171.154.77 - - [23/Nov/2022:21:46:44 -0800] "GET / HTTP/1.1" 200 557 "http://moreno-ibarra.com/" "Mozilla/5.0 (Windows NT 6.3; Win64; x64) AppleWebKit/537.36 (KHTML, like Gecko) Chrome/90.0.4430.85 Safari/537.36" "moreno-ibarra.com"
35.231.183.32 - - [23/Nov/2022:21:48:59 -0800] "GET /?C=D;O=A HTTP/1.1" 200 330 "-" "ZoominfoBot (zoominfobot at zoominfo dot com)" "www.moreno-ibarra.com"
54.36.148.64 - - [23/Nov/2022:21:53:33 -0800] "GET /robots.txt HTTP/1.1" 404 88 "-" "Mozilla/5.0 (compatible; AhrefsBot/7.0; +http://ahrefs.com/robot/)" "moreno-ibarra.com"
51.222.253.18 - - [23/Nov/2022:21:53:35 -0800] "GET /hahoo_site_admin_/cache/collection/?C=M;O=D HTTP/1.1" 200 767 "-" "Mozilla/5.0 (compatible; AhrefsBot/7.0; +http://ahrefs.com/robot/)" "moreno-ibarra.com"
114.119.153.108 - - [23/Nov/2022:22:13:43 -0800] "GET /hahoo_site_admin_/credentials HTTP/1.1" 301 1425 "http://www.moreno-ibarra.com/hahoo_site_admin_" "Mozilla/5.0 (Linux; Android 7.0;) AppleWebKit/537.36 (KHTML, like Gecko) Mobile Safari/537.36 (compatible; PetalBot;+https://webmaster.petalsearch.com/site/petalbot)" "www.moreno-ibarra.com"
114.119.153.108 - - [23/Nov/2022:22:13:44 -0800] "GET /hahoo_site_admin_/credentials/ HTTP/1.1" 200 378 "http://www.moreno-ibarra.com/hahoo_site_admin_" "Mozilla/5.0 (Linux; Android 7.0;) AppleWebKit/537.36 (KHTML, like Gecko) Mobile Safari/537.36 (compatible; PetalBot;+https://webmaster.petalsearch.com/site/petalbot)" "www.moreno-ibarra.com"
207.46.13.36 - - [23/Nov/2022:22:15:48 -0800] "GET / HTTP/1.1" 200 330 "-" "Mozilla/5.0 (compatible; bingbot/2.0; +http://www.bing.com/bingbot.htm)" "moreno-ibarra.com"
114.119.147.246 - - [23/Nov/2022:22:22:10 -0800] "GET /hahoo_site_admin_ HTTP/1.1" 301 1415 "http://moreno-ibarra.com/hahoo_site_admin_/logs?C=D%3BO%3DA" "Mozilla/5.0 (Linux; Android 7.0;) AppleWebKit/537.36 (KHTML, like Gecko) Mobile Safari/537.36 (compatible; PetalBot;+https://webmaster.petalsearch.com/site/petalbot)" "moreno-ibarra.com"
114.119.147.246 - - [23/Nov/2022:22:22:12 -0800] "GET /hahoo_site_admin_/ HTTP/1.1" 200 430 "http://moreno-ibarra.com/hahoo_site_admin_/logs?C=D%3BO%3DA" "Mozilla/5.0 (Linux; Android 7.0;) AppleWebKit/537.36 (KHTML, like Gecko) Mobile Safari/537.36 (compatible; PetalBot;+https://webmaster.petalsearch.com/site/petalbot)" "moreno-ibarra.com"
52.152.164.34 - - [23/Nov/2022:22:26:27 -0800] "GET /wp-includes/css/buttons.css HTTP/1.1" 404 88 "-" "Go-http-client/1.1" "moreno-ibarra.com"
216.244.66.241 - - [23/Nov/2022:22:41:52 -0800] "GET /robots.txt HTTP/1.1" 404 73 "-" "Mozilla/5.0 (compatible; DotBot/1.2; +https://opensiteexplorer.org/dotbot; help@moz.com)" "www.moreno-ibarra.com"
216.244.66.241 - - [23/Nov/2022:22:41:53 -0800] "GET /robots.txt HTTP/1.1" 404 73 "-" "Mozilla/5.0 (compatible; DotBot/1.2; +https://opensiteexplorer.org/dotbot; help@moz.com)" "moreno-ibarra.com"
114.119.138.220 - - [23/Nov/2022:22:49:51 -0800] "GET /hahoo_site_admin_/cache/pages/ HTTP/1.1" 200 3769 "http://www.moreno-ibarra.com/hahoo_site_admin_/cache/" "Mozilla/5.0 (Linux; Android 7.0;) AppleWebKit/537.36 (KHTML, like Gecko) Mobile Safari/537.36 (compatible; PetalBot;+https://webmaster.petalsearch.com/site/petalbot)" "www.moreno-ibarra.com"
35.231.183.32 - - [23/Nov/2022:22:51:30 -0800] "GET /?C=M;O=A HTTP/1.1" 200 331 "-" "ZoominfoBot (zoominfobot at zoominfo dot com)" "www.moreno-ibarra.com"
51.222.253.6 - - [23/Nov/2022:23:11:39 -0800] "GET /hahoo_site_admin_/cache/?C=M;O=A HTTP/1.1" 200 382 "-" "Mozilla/5.0 (compatible; AhrefsBot/7.0; +http://ahrefs.com/robot/)" "www.moreno-ibarra.com"
207.46.13.36 - - [23/Nov/2022:23:16:58 -0800] "GET / HTTP/1.1" 200 330 "-" "Mozilla/5.0 (compatible; bingbot/2.0; +http://www.bing.com/bingbot.htm)" "www.moreno-ibarra.com"
114.119.138.179 - - [23/Nov/2022:23:23:22 -0800] "GET /hahoo_site_admin_/assets/?C=M%3BO%3DA HTTP/1.1" 200 366 "http://www.moreno-ibarra.com/hahoo_site_admin_/assets?C=S%3BO%3DA" "Mozilla/5.0 (Linux; Android 7.0;) AppleWebKit/537.36 (KHTML, like Gecko) Mobile Safari/537.36 (compatible; PetalBot;+https://webmaster.petalsearch.com/site/petalbot)" "www.moreno-ibarra.com"
20.203.174.59 - - [23/Nov/2022:23:35:23 -0800] "HEAD / HTTP/1.1" 200 - "-" "Mozilla/5.0 (Windows NT 10.0; Win64; x64) AppleWebKit/537.36 (KHTML, like Gecko) Chrome/74.0.3729.169 Safari/537.36" "moreno-ibarra.com"
20.203.174.59 - - [23/Nov/2022:23:35:23 -0800] "HEAD /wordpress HTTP/1.1" 404 - "-" "Mozilla/5.0 (Windows NT 10.0; Win64; x64) AppleWebKit/537.36 (KHTML, like Gecko) Chrome/74.0.3729.169 Safari/537.36" "moreno-ibarra.com"
20.203.174.59 - - [23/Nov/2022:23:35:23 -0800] "HEAD /Wordpress HTTP/1.1" 404 - "-" "Mozilla/5.0 (Windows NT 10.0; Win64; x64) AppleWebKit/537.36 (KHTML, like Gecko) Chrome/74.0.3729.169 Safari/537.36" "moreno-ibarra.com"
20.203.174.59 - - [23/Nov/2022:23:35:24 -0800] "HEAD /WordPress HTTP/1.1" 404 - "-" "Mozilla/5.0 (Windows NT 10.0; Win64; x64) AppleWebKit/537.36 (KHTML, like Gecko) Chrome/74.0.3729.169 Safari/537.36" "moreno-ibarra.com"
20.203.174.59 - - [23/Nov/2022:23:35:23 -0800] "HEAD /WORDPRESS HTTP/1.1" 404 - "-" "Mozilla/5.0 (Windows NT 10.0; Win64; x64) AppleWebKit/537.36 (KHTML, like Gecko) Chrome/74.0.3729.169 Safari/537.36" "moreno-ibarra.com"
20.203.174.59 - - [23/Nov/2022:23:35:24 -0800] "HEAD /wp HTTP/1.1" 404 - "-" "Mozilla/5.0 (Windows NT 10.0; Win64; x64) AppleWebKit/537.36 (KHTML, like Gecko) Chrome/74.0.3729.169 Safari/537.36" "moreno-ibarra.com"
20.203.174.59 - - [23/Nov/2022:23:35:24 -0800] "HEAD /Wp HTTP/1.1" 404 - "-" "Mozilla/5.0 (Windows NT 10.0; Win64; x64) AppleWebKit/537.36 (KHTML, like Gecko) Chrome/74.0.3729.169 Safari/537.36" "moreno-ibarra.com"
20.203.174.59 - - [23/Nov/2022:23:35:24 -0800] "HEAD /WP HTTP/1.1" 404 - "-" "Mozilla/5.0 (Windows NT 10.0; Win64; x64) AppleWebKit/537.36 (KHTML, like Gecko) Chrome/74.0.3729.169 Safari/537.36" "moreno-ibarra.com"
20.203.174.59 - - [23/Nov/2022:23:35:24 -0800] "HEAD /old HTTP/1.1" 404 - "-" "Mozilla/5.0 (Windows NT 10.0; Win64; x64) AppleWebKit/537.36 (KHTML, like Gecko) Chrome/74.0.3729.169 Safari/537.36" "moreno-ibarra.com"
20.203.174.59 - - [23/Nov/2022:23:35:24 -0800] "HEAD /Old HTTP/1.1" 404 - "-" "Mozilla/5.0 (Windows NT 10.0; Win64; x64) AppleWebKit/537.36 (KHTML, like Gecko) Chrome/74.0.3729.169 Safari/537.36" "moreno-ibarra.com"
20.203.174.59 - - [23/Nov/2022:23:35:24 -0800] "HEAD /OLD HTTP/1.1" 404 - "-" "Mozilla/5.0 (Windows NT 10.0; Win64; x64) AppleWebKit/537.36 (KHTML, like Gecko) Chrome/74.0.3729.169 Safari/537.36" "moreno-ibarra.com"
20.203.174.59 - - [23/Nov/2022:23:35:24 -0800] "HEAD /oldsite HTTP/1.1" 404 - "-" "Mozilla/5.0 (Windows NT 10.0; Win64; x64) AppleWebKit/537.36 (KHTML, like Gecko) Chrome/74.0.3729.169 Safari/537.36" "moreno-ibarra.com"
20.203.174.59 - - [23/Nov/2022:23:35:24 -0800] "HEAD /new HTTP/1.1" 404 - "-" "Mozilla/5.0 (Windows NT 10.0; Win64; x64) AppleWebKit/537.36 (KHTML, like Gecko) Chrome/74.0.3729.169 Safari/537.36" "moreno-ibarra.com"
20.203.174.59 - - [23/Nov/2022:23:35:25 -0800] "HEAD /New HTTP/1.1" 404 - "-" "Mozilla/5.0 (Windows NT 10.0; Win64; x64) AppleWebKit/537.36 (KHTML, like Gecko) Chrome/74.0.3729.169 Safari/537.36" "moreno-ibarra.com"
20.203.174.59 - - [23/Nov/2022:23:35:25 -0800] "HEAD /NEW HTTP/1.1" 404 - "-" "Mozilla/5.0 (Windows NT 10.0; Win64; x64) AppleWebKit/537.36 (KHTML, like Gecko) Chrome/74.0.3729.169 Safari/537.36" "moreno-ibarra.com"
20.203.174.59 - - [23/Nov/2022:23:35:25 -0800] "HEAD /wp-old HTTP/1.1" 404 - "-" "Mozilla/5.0 (Windows NT 10.0; Win64; x64) AppleWebKit/537.36 (KHTML, like Gecko) Chrome/74.0.3729.169 Safari/537.36" "moreno-ibarra.com"
20.203.174.59 - - [23/Nov/2022:23:35:25 -0800] "HEAD /2022 HTTP/1.1" 404 - "-" "Mozilla/5.0 (Windows NT 10.0; Win64; x64) AppleWebKit/537.36 (KHTML, like Gecko) Chrome/74.0.3729.169 Safari/537.36" "moreno-ibarra.com"
20.203.174.59 - - [23/Nov/2022:23:35:25 -0800] "HEAD /2020 HTTP/1.1" 404 - "-" "Mozilla/5.0 (Windows NT 10.0; Win64; x64) AppleWebKit/537.36 (KHTML, like Gecko) Chrome/74.0.3729.169 Safari/537.36" "moreno-ibarra.com"
20.203.174.59 - - [23/Nov/2022:23:35:25 -0800] "HEAD /2019 HTTP/1.1" 404 - "-" "Mozilla/5.0 (Windows NT 10.0; Win64; x64) AppleWebKit/537.36 (KHTML, like Gecko) Chrome/74.0.3729.169 Safari/537.36" "moreno-ibarra.com"
20.203.174.59 - - [23/Nov/2022:23:35:25 -0800] "HEAD /2018 HTTP/1.1" 404 - "-" "Mozilla/5.0 (Windows NT 10.0; Win64; x64) AppleWebKit/537.36 (KHTML, like Gecko) Chrome/74.0.3729.169 Safari/537.36" "moreno-ibarra.com"
20.203.174.59 - - [23/Nov/2022:23:35:25 -0800] "HEAD /backup HTTP/1.1" 404 - "-" "Mozilla/5.0 (Windows NT 10.0; Win64; x64) AppleWebKit/537.36 (KHTML, like Gecko) Chrome/74.0.3729.169 Safari/537.36" "moreno-ibarra.com"
20.203.174.59 - - [23/Nov/2022:23:35:25 -0800] "HEAD /test HTTP/1.1" 404 - "-" "Mozilla/5.0 (Windows NT 10.0; Win64; x64) AppleWebKit/537.36 (KHTML, like Gecko) Chrome/74.0.3729.169 Safari/537.36" "moreno-ibarra.com"
20.203.174.59 - - [23/Nov/2022:23:35:26 -0800] "HEAD /Test HTTP/1.1" 404 - "-" "Mozilla/5.0 (Windows NT 10.0; Win64; x64) AppleWebKit/537.36 (KHTML, like Gecko) Chrome/74.0.3729.169 Safari/537.36" "moreno-ibarra.com"
20.203.174.59 - - [23/Nov/2022:23:35:26 -0800] "HEAD /TEST HTTP/1.1" 404 - "-" "Mozilla/5.0 (Windows NT 10.0; Win64; x64) AppleWebKit/537.36 (KHTML, like Gecko) Chrome/74.0.3729.169 Safari/537.36" "moreno-ibarra.com"
20.203.174.59 - - [23/Nov/2022:23:35:26 -0800] "HEAD /demo HTTP/1.1" 404 - "-" "Mozilla/5.0 (Windows NT 10.0; Win64; x64) AppleWebKit/537.36 (KHTML, like Gecko) Chrome/74.0.3729.169 Safari/537.36" "moreno-ibarra.com"
20.203.174.59 - - [23/Nov/2022:23:35:26 -0800] "HEAD /bc HTTP/1.1" 404 - "-" "Mozilla/5.0 (Windows NT 10.0; Win64; x64) AppleWebKit/537.36 (KHTML, like Gecko) Chrome/74.0.3729.169 Safari/537.36" "moreno-ibarra.com"
20.203.174.59 - - [23/Nov/2022:23:35:26 -0800] "HEAD /www HTTP/1.1" 404 - "-" "Mozilla/5.0 (Windows NT 10.0; Win64; x64) AppleWebKit/537.36 (KHTML, like Gecko) Chrome/74.0.3729.169 Safari/537.36" "moreno-ibarra.com"
20.203.174.59 - - [23/Nov/2022:23:35:26 -0800] "HEAD /WWW HTTP/1.1" 404 - "-" "Mozilla/5.0 (Windows NT 10.0; Win64; x64) AppleWebKit/537.36 (KHTML, like Gecko) Chrome/74.0.3729.169 Safari/537.36" "moreno-ibarra.com"
20.203.174.59 - - [23/Nov/2022:23:35:26 -0800] "HEAD /Www HTTP/1.1" 404 - "-" "Mozilla/5.0 (Windows NT 10.0; Win64; x64) AppleWebKit/537.36 (KHTML, like Gecko) Chrome/74.0.3729.169 Safari/537.36" "moreno-ibarra.com"
20.203.174.59 - - [23/Nov/2022:23:35:26 -0800] "HEAD /2021 HTTP/1.1" 404 - "-" "Mozilla/5.0 (Windows NT 10.0; Win64; x64) AppleWebKit/537.36 (KHTML, like Gecko) Chrome/74.0.3729.169 Safari/537.36" "moreno-ibarra.com"
20.203.174.59 - - [23/Nov/2022:23:35:26 -0800] "HEAD /main HTTP/1.1" 404 - "-" "Mozilla/5.0 (Windows NT 10.0; Win64; x64) AppleWebKit/537.36 (KHTML, like Gecko) Chrome/74.0.3729.169 Safari/537.36" "moreno-ibarra.com"
20.203.174.59 - - [23/Nov/2022:23:35:26 -0800] "HEAD /old-site HTTP/1.1" 404 - "-" "Mozilla/5.0 (Windows NT 10.0; Win64; x64) AppleWebKit/537.36 (KHTML, like Gecko) Chrome/74.0.3729.169 Safari/537.36" "moreno-ibarra.com"
20.203.174.59 - - [23/Nov/2022:23:35:27 -0800] "HEAD /bk HTTP/1.1" 404 - "-" "Mozilla/5.0 (Windows NT 10.0; Win64; x64) AppleWebKit/537.36 (KHTML, like Gecko) Chrome/74.0.3729.169 Safari/537.36" "moreno-ibarra.com"
20.203.174.59 - - [23/Nov/2022:23:35:27 -0800] "HEAD /Backup HTTP/1.1" 404 - "-" "Mozilla/5.0 (Windows NT 10.0; Win64; x64) AppleWebKit/537.36 (KHTML, like Gecko) Chrome/74.0.3729.169 Safari/537.36" "moreno-ibarra.com"
20.203.174.59 - - [23/Nov/2022:23:35:27 -0800] "HEAD /BACKUP HTTP/1.1" 404 - "-" "Mozilla/5.0 (Windows NT 10.0; Win64; x64) AppleWebKit/537.36 (KHTML, like Gecko) Chrome/74.0.3729.169 Safari/537.36" "moreno-ibarra.com"
20.203.174.59 - - [23/Nov/2022:23:35:27 -0800] "HEAD /SHOP HTTP/1.1" 404 - "-" "Mozilla/5.0 (Windows NT 10.0; Win64; x64) AppleWebKit/537.36 (KHTML, like Gecko) Chrome/74.0.3729.169 Safari/537.36" "moreno-ibarra.com"
20.203.174.59 - - [23/Nov/2022:23:35:27 -0800] "HEAD /Shop HTTP/1.1" 404 - "-" "Mozilla/5.0 (Windows NT 10.0; Win64; x64) AppleWebKit/537.36 (KHTML, like Gecko) Chrome/74.0.3729.169 Safari/537.36" "moreno-ibarra.com"
20.203.174.59 - - [23/Nov/2022:23:35:27 -0800] "HEAD /shop HTTP/1.1" 404 - "-" "Mozilla/5.0 (Windows NT 10.0; Win64; x64) AppleWebKit/537.36 (KHTML, like Gecko) Chrome/74.0.3729.169 Safari/537.36" "moreno-ibarra.com"
20.203.174.59 - - [23/Nov/2022:23:35:27 -0800] "HEAD /bak HTTP/1.1" 404 - "-" "Mozilla/5.0 (Windows NT 10.0; Win64; x64) AppleWebKit/537.36 (KHTML, like Gecko) Chrome/74.0.3729.169 Safari/537.36" "moreno-ibarra.com"
20.203.174.59 - - [23/Nov/2022:23:35:27 -0800] "HEAD /sitio HTTP/1.1" 404 - "-" "Mozilla/5.0 (Windows NT 10.0; Win64; x64) AppleWebKit/537.36 (KHTML, like Gecko) Chrome/74.0.3729.169 Safari/537.36" "moreno-ibarra.com"
20.203.174.59 - - [23/Nov/2022:23:35:27 -0800] "HEAD /bac HTTP/1.1" 404 - "-" "Mozilla/5.0 (Windows NT 10.0; Win64; x64) AppleWebKit/537.36 (KHTML, like Gecko) Chrome/74.0.3729.169 Safari/537.36" "moreno-ibarra.com"
20.203.174.59 - - [23/Nov/2022:23:35:28 -0800] "HEAD /sito HTTP/1.1" 404 - "-" "Mozilla/5.0 (Windows NT 10.0; Win64; x64) AppleWebKit/537.36 (KHTML, like Gecko) Chrome/74.0.3729.169 Safari/537.36" "moreno-ibarra.com"
20.203.174.59 - - [23/Nov/2022:23:35:28 -0800] "HEAD /site HTTP/1.1" 404 - "-" "Mozilla/5.0 (Windows NT 10.0; Win64; x64) AppleWebKit/537.36 (KHTML, like Gecko) Chrome/74.0.3729.169 Safari/537.36" "moreno-ibarra.com"
20.203.174.59 - - [23/Nov/2022:23:35:28 -0800] "HEAD /Site HTTP/1.1" 404 - "-" "Mozilla/5.0 (Windows NT 10.0; Win64; x64) AppleWebKit/537.36 (KHTML, like Gecko) Chrome/74.0.3729.169 Safari/537.36" "moreno-ibarra.com"
20.203.174.59 - - [23/Nov/2022:23:35:28 -0800] "HEAD /SITE HTTP/1.1" 404 - "-" "Mozilla/5.0 (Windows NT 10.0; Win64; x64) AppleWebKit/537.36 (KHTML, like Gecko) Chrome/74.0.3729.169 Safari/537.36" "moreno-ibarra.com"
20.203.174.59 - - [23/Nov/2022:23:35:28 -0800] "HEAD /blog HTTP/1.1" 404 - "-" "Mozilla/5.0 (Windows NT 10.0; Win64; x64) AppleWebKit/537.36 (KHTML, like Gecko) Chrome/74.0.3729.169 Safari/537.36" "moreno-ibarra.com"
20.203.174.59 - - [23/Nov/2022:23:35:28 -0800] "HEAD /BLOG HTTP/1.1" 404 - "-" "Mozilla/5.0 (Windows NT 10.0; Win64; x64) AppleWebKit/537.36 (KHTML, like Gecko) Chrome/74.0.3729.169 Safari/537.36" "moreno-ibarra.com"
20.203.174.59 - - [23/Nov/2022:23:35:28 -0800] "HEAD /Blog HTTP/1.1" 404 - "-" "Mozilla/5.0 (Windows NT 10.0; Win64; x64) AppleWebKit/537.36 (KHTML, like Gecko) Chrome/74.0.3729.169 Safari/537.36" "moreno-ibarra.com"
114.119.132.9 - - [23/Nov/2022:23:38:53 -0800] "GET /hahoo_site_admin_/credentials?C=S%3BO%3DA HTTP/1.1" 301 1439 "http://www.moreno-ibarra.com/hahoo_site_admin_/credentials?C=M%3BO%3DA" "Mozilla/5.0 (Linux; Android 7.0;) AppleWebKit/537.36 (KHTML, like Gecko) Mobile Safari/537.36 (compatible; PetalBot;+https://webmaster.petalsearch.com/site/petalbot)" "www.moreno-ibarra.com"
114.119.132.9 - - [23/Nov/2022:23:38:56 -0800] "GET /hahoo_site_admin_/credentials/?C=S%3BO%3DA HTTP/1.1" 200 378 "http://www.moreno-ibarra.com/hahoo_site_admin_/credentials?C=M%3BO%3DA" "Mozilla/5.0 (Linux; Android 7.0;) AppleWebKit/537.36 (KHTML, like Gecko) Mobile Safari/537.36 (compatible; PetalBot;+https://webmaster.petalsearch.com/site/petalbot)" "www.moreno-ibarra.com"
216.244.66.241 - - [23/Nov/2022:23:44:02 -0800] "GET /robots.txt HTTP/1.1" 404 73 "-" "Mozilla/5.0 (compatible; DotBot/1.2; +https://opensiteexplorer.org/dotbot; help@moz.com)" "www.moreno-ibarra.com"
216.244.66.241 - - [23/Nov/2022:23:44:02 -0800] "GET /robots.txt HTTP/1.1" 404 73 "-" "Mozilla/5.0 (compatible; DotBot/1.2; +https://opensiteexplorer.org/dotbot; help@moz.com)" "moreno-ibarra.com"
114.119.139.148 - - [23/Nov/2022:23:59:26 -0800] "GET /hahoo_site_admin_/assets HTTP/1.1" 301 1420 "http://moreno-ibarra.com/hahoo_site_admin_?C=S%3BO%3DA" "Mozilla/5.0 (Linux; Android 7.0;) AppleWebKit/537.36 (KHTML, like Gecko) Mobile Safari/537.36 (compatible; PetalBot;+https://webmaster.petalsearch.com/site/petalbot)" "moreno-ibarra.com"
114.119.139.148 - - [23/Nov/2022:23:59:26 -0800] "GET /hahoo_site_admin_/assets/ HTTP/1.1" 200 366 "http://moreno-ibarra.com/hahoo_site_admin_?C=S%3BO%3DA" "Mozilla/5.0 (Linux; Android 7.0;) AppleWebKit/537.36 (KHTML, like Gecko) Mobile Safari/537.36 (compatible; PetalBot;+https://webmaster.petalsearch.com/site/petalbot)" "moreno-ibarra.com"
114.119.143.247 - - [24/Nov/2022:00:04:34 -0800] "GET /hahoo_site_admin_/cache/collection/d770e2ee580a191d3fffc1c488e4eae4 HTTP/1.1" 200 63 "-" "Mozilla/5.0 (Linux; Android 7.0;) AppleWebKit/537.36 (KHTML, like Gecko) Mobile Safari/537.36 (compatible; PetalBot;+https://webmaster.petalsearch.com/site/petalbot)" "www.moreno-ibarra.com"
114.119.145.183 - - [24/Nov/2022:00:09:46 -0800] "GET /hahoo_site_admin_/logs/log.txt.2 HTTP/1.1" 200 4203 "http://moreno-ibarra.com/hahoo_site_admin_/logs/?C=N%3BO%3DD" "Mozilla/5.0 (Linux; Android 7.0;) AppleWebKit/537.36 (KHTML, like Gecko) Mobile Safari/537.36 (compatible; PetalBot;+https://webmaster.petalsearch.com/site/petalbot)" "moreno-ibarra.com"
137.226.113.44 - - [24/Nov/2022:00:32:25 -0800] "GET / HTTP/1.1" 200 330 "-" "Mozilla/5.0 zgrab/0.x (compatible; Researchscan/http; +http://researchscan.comsys.rwth-aachen.de)" "www.moreno-ibarra.com"
114.119.153.108 - - [24/Nov/2022:00:36:12 -0800] "GET /?C=N%3BO%3DD HTTP/1.1" 200 330 "http://moreno-ibarra.com/?C=D%3BO%3DA" "Mozilla/5.0 (Linux; Android 7.0;) AppleWebKit/537.36 (KHTML, like Gecko) Mobile Safari/537.36 (compatible; PetalBot;+https://webmaster.petalsearch.com/site/petalbot)" "moreno-ibarra.com"
82.223.14.245 - - [24/Nov/2022:00:49:40 -0800] "GET /contactenos/ HTTP/1.1" 404 73 "http://moreno-ibarra.com/contactenos/" "Mozilla/5.0 (Windows NT 6.1; ) AppleWebKit/537.36 (KHTML, like Gecko) Chrome/90.0.4430.85 Safari/537.36" "moreno-ibarra.com"
82.223.14.245 - - [24/Nov/2022:00:49:40 -0800] "GET / HTTP/1.1" 200 557 "http://moreno-ibarra.com/" "Mozilla/5.0 (Windows NT 6.1; ) AppleWebKit/537.36 (KHTML, like Gecko) Chrome/90.0.4430.85 Safari/537.36" "moreno-ibarra.com"
216.244.66.241 - - [24/Nov/2022:00:51:12 -0800] "GET /robots.txt HTTP/1.1" 404 73 "-" "Mozilla/5.0 (compatible; DotBot/1.2; +https://opensiteexplorer.org/dotbot; help@moz.com)" "moreno-ibarra.com"
178.168.220.254 - - [24/Nov/2022:01:04:03 -0800] "GET /contactenos/ HTTP/1.1" 404 73 "http://moreno-ibarra.com/contactenos/" "Mozilla/5.0 (Windows NT 6.1; WOW64) AppleWebKit/537.36 (KHTML, like Gecko) Chrome/90.0.4430.93 Safari/537.36" "moreno-ibarra.com"
178.168.220.254 - - [24/Nov/2022:01:04:03 -0800] "GET / HTTP/1.1" 200 557 "http://moreno-ibarra.com/" "Mozilla/5.0 (Windows NT 6.1; WOW64) AppleWebKit/537.36 (KHTML, like Gecko) Chrome/90.0.4430.93 Safari/537.36" "moreno-ibarra.com"
216.244.66.241 - - [24/Nov/2022:01:42:39 -0800] "GET /robots.txt HTTP/1.1" 404 73 "-" "Mozilla/5.0 (compatible; DotBot/1.2; +https://opensiteexplorer.org/dotbot; help@moz.com)" "moreno-ibarra.com"
216.244.66.241 - - [24/Nov/2022:01:42:39 -0800] "GET /robots.txt HTTP/1.1" 404 73 "-" "Mozilla/5.0 (compatible; DotBot/1.2; +https://opensiteexplorer.org/dotbot; help@moz.com)" "www.moreno-ibarra.com"
193.23.253.48 - - [24/Nov/2022:02:02:06 -0800] "GET / HTTP/1.1" 200 557 "moreno-ibarra.com" "Opera/9.80 (Macintosh; Intel Mac OS X; Opera Mobi/3730; U; en) Presto/2.4.18 Version/10.00" "moreno-ibarra.com"
45.154.58.214 - - [24/Nov/2022:02:29:32 -0800] "GET / HTTP/1.1" 200 557 "moreno-ibarra.com" "Mozilla/5.0 (compatible; MSIE 10.0; Windows NT 6.2; WOW64; Trident/6.0; MASMJS)" "moreno-ibarra.com"
216.244.66.241 - - [24/Nov/2022:02:30:02 -0800] "GET /robots.txt HTTP/1.1" 404 73 "-" "Mozilla/5.0 (compatible; DotBot/1.2; +https://opensiteexplorer.org/dotbot; help@moz.com)" "moreno-ibarra.com"
216.244.66.241 - - [24/Nov/2022:02:30:02 -0800] "GET /robots.txt HTTP/1.1" 404 73 "-" "Mozilla/5.0 (compatible; DotBot/1.2; +https://opensiteexplorer.org/dotbot; help@moz.com)" "www.moreno-ibarra.com"
51.222.253.20 - - [24/Nov/2022:02:42:39 -0800] "GET /hahoo_site_admin_/logs/?C=N;O=D HTTP/1.1" 200 518 "-" "Mozilla/5.0 (compatible; AhrefsBot/7.0; +http://ahrefs.com/robot/)" "moreno-ibarra.com"
140.246.164.95 - - [24/Nov/2022:02:44:48 -0800] "GET / HTTP/1.1" 200 330 "-" "Mozilla/5.0 (iPhone; CPU iPhone OS 13_2_3 like Mac OS X) AppleWebKit/605.1.15 (KHTML, like Gecko) Version/13.0.3 Mobile/15E148 Safari/604.1" "moreno-ibarra.com"
114.119.138.179 - - [24/Nov/2022:03:02:44 -0800] "GET /hahoo_site_admin_/logs?C=D%3BO%3DA HTTP/1.1" 301 1432 "http://moreno-ibarra.com/hahoo_site_admin_/logs" "Mozilla/5.0 (Linux; Android 7.0;) AppleWebKit/537.36 (KHTML, like Gecko) Mobile Safari/537.36 (compatible; PetalBot;+https://webmaster.petalsearch.com/site/petalbot)" "moreno-ibarra.com"
114.119.138.179 - - [24/Nov/2022:03:02:44 -0800] "GET /hahoo_site_admin_/logs/?C=D%3BO%3DA HTTP/1.1" 200 521 "http://moreno-ibarra.com/hahoo_site_admin_/logs" "Mozilla/5.0 (Linux; Android 7.0;) AppleWebKit/537.36 (KHTML, like Gecko) Mobile Safari/537.36 (compatible; PetalBot;+https://webmaster.petalsearch.com/site/petalbot)" "moreno-ibarra.com"
216.244.66.241 - - [24/Nov/2022:03:15:42 -0800] "GET /robots.txt HTTP/1.1" 404 73 "-" "Mozilla/5.0 (compatible; DotBot/1.2; +https://opensiteexplorer.org/dotbot; help@moz.com)" "moreno-ibarra.com"
216.244.66.241 - - [24/Nov/2022:03:15:42 -0800] "GET /robots.txt HTTP/1.1" 404 73 "-" "Mozilla/5.0 (compatible; DotBot/1.2; +https://opensiteexplorer.org/dotbot; help@moz.com)" "www.moreno-ibarra.com"
157.55.39.131 - - [24/Nov/2022:03:17:30 -0800] "GET /robots.txt HTTP/1.1" 404 88 "-" "Mozilla/5.0 (compatible; bingbot/2.0; +http://www.bing.com/bingbot.htm)" "moreno-ibarra.com"
157.55.39.131 - - [24/Nov/2022:03:17:30 -0800] "GET /robots.txt HTTP/1.1" 404 88 "-" "Mozilla/5.0 (compatible; bingbot/2.0; +http://www.bing.com/bingbot.htm)" "moreno-ibarra.com"
157.55.39.187 - - [24/Nov/2022:03:17:39 -0800] "GET / HTTP/1.1" 200 330 "-" "Mozilla/5.0 AppleWebKit/537.36 (KHTML, like Gecko; compatible; bingbot/2.0; +http://www.bing.com/bingbot.htm) Chrome/103.0.5060.134 Safari/537.36" "moreno-ibarra.com"
216.244.66.241 - - [24/Nov/2022:04:51:07 -0800] "GET /robots.txt HTTP/1.1" 404 73 "-" "Mozilla/5.0 (compatible; DotBot/1.2; +https://opensiteexplorer.org/dotbot; help@moz.com)" "www.moreno-ibarra.com"
216.244.66.241 - - [24/Nov/2022:04:51:07 -0800] "GET /robots.txt HTTP/1.1" 404 73 "-" "Mozilla/5.0 (compatible; DotBot/1.2; +https://opensiteexplorer.org/dotbot; help@moz.com)" "moreno-ibarra.com"
35.85.254.156 - - [24/Nov/2022:05:44:54 -0800] "GET / HTTP/1.1" 200 330 "-" "Mozilla/5.0 (Macintosh; Intel Mac OS X 10_8_3) AppleWebKit/537.31 (KHTML, like Gecko) Chrome/26.0.1410.65 Safari/537.31" "moreno-ibarra.com"
216.244.66.241 - - [24/Nov/2022:06:23:05 -0800] "GET /robots.txt HTTP/1.1" 404 73 "-" "Mozilla/5.0 (compatible; DotBot/1.2; +https://opensiteexplorer.org/dotbot; help@moz.com)" "www.moreno-ibarra.com"
216.244.66.241 - - [24/Nov/2022:06:23:06 -0800] "GET /robots.txt HTTP/1.1" 404 73 "-" "Mozilla/5.0 (compatible; DotBot/1.2; +https://opensiteexplorer.org/dotbot; help@moz.com)" "moreno-ibarra.com"
51.222.253.6 - - [24/Nov/2022:06:45:43 -0800] "GET / HTTP/1.1" 200 330 "-" "Mozilla/5.0 (compatible; AhrefsBot/7.0; +http://ahrefs.com/robot/)" "moreno-ibarra.com"
136.243.104.54 - - [24/Nov/2022:06:50:18 -0800] "GET /robots.txt HTTP/1.1" 404 88 "-" "Mozilla/5.0 (compatible; BLEXBot/1.0; +http://webmeup-crawler.com/)" "moreno-ibarra.com"
136.243.104.54 - - [24/Nov/2022:06:50:18 -0800] "GET /sitemap HTTP/1.1" 404 88 "-" "Mozilla/5.0 (compatible; BLEXBot/1.0; +http://webmeup-crawler.com/)" "moreno-ibarra.com"
136.243.104.54 - - [24/Nov/2022:06:50:48 -0800] "GET /sitemap.txt HTTP/1.1" 404 88 "-" "Mozilla/5.0 (compatible; BLEXBot/1.0; +http://webmeup-crawler.com/)" "moreno-ibarra.com"
136.243.104.54 - - [24/Nov/2022:06:51:18 -0800] "GET /?C=D;O=D HTTP/1.1" 200 328 "-" "Mozilla/5.0 (compatible; BLEXBot/1.0; +http://webmeup-crawler.com/)" "moreno-ibarra.com"
136.243.104.54 - - [24/Nov/2022:06:51:49 -0800] "GET /?C=M;O=D HTTP/1.1" 200 328 "-" "Mozilla/5.0 (compatible; BLEXBot/1.0; +http://webmeup-crawler.com/)" "moreno-ibarra.com"
136.243.104.54 - - [24/Nov/2022:06:52:19 -0800] "GET /?C=N;O=A HTTP/1.1" 200 330 "-" "Mozilla/5.0 (compatible; BLEXBot/1.0; +http://webmeup-crawler.com/)" "moreno-ibarra.com"
136.243.104.54 - - [24/Nov/2022:06:52:49 -0800] "GET /?C=S;O=D HTTP/1.1" 200 328 "-" "Mozilla/5.0 (compatible; BLEXBot/1.0; +http://webmeup-crawler.com/)" "moreno-ibarra.com"
136.243.104.54 - - [24/Nov/2022:06:53:19 -0800] "GET /hahoo_site_admin_/?C=D;O=A HTTP/1.1" 200 430 "-" "Mozilla/5.0 (compatible; BLEXBot/1.0; +http://webmeup-crawler.com/)" "moreno-ibarra.com"
136.243.104.54 - - [24/Nov/2022:06:53:50 -0800] "GET /hahoo_site_admin_/?C=M;O=A HTTP/1.1" 200 430 "-" "Mozilla/5.0 (compatible; BLEXBot/1.0; +http://webmeup-crawler.com/)" "moreno-ibarra.com"
136.243.104.54 - - [24/Nov/2022:06:54:20 -0800] "GET /hahoo_site_admin_/?C=N;O=D HTTP/1.1" 200 427 "-" "Mozilla/5.0 (compatible; BLEXBot/1.0; +http://webmeup-crawler.com/)" "moreno-ibarra.com"
136.243.104.54 - - [24/Nov/2022:06:54:51 -0800] "GET /hahoo_site_admin_/?C=S;O=A HTTP/1.1" 200 430 "-" "Mozilla/5.0 (compatible; BLEXBot/1.0; +http://webmeup-crawler.com/)" "moreno-ibarra.com"
136.243.104.54 - - [24/Nov/2022:06:55:21 -0800] "GET /hahoo_site_admin_/assets/ HTTP/1.1" 200 366 "-" "Mozilla/5.0 (compatible; BLEXBot/1.0; +http://webmeup-crawler.com/)" "moreno-ibarra.com"
136.243.104.54 - - [24/Nov/2022:06:55:51 -0800] "GET /hahoo_site_admin_/cache/ HTTP/1.1" 200 382 "-" "Mozilla/5.0 (compatible; BLEXBot/1.0; +http://webmeup-crawler.com/)" "moreno-ibarra.com"
136.243.104.54 - - [24/Nov/2022:06:56:21 -0800] "GET /hahoo_site_admin_/credentials/ HTTP/1.1" 200 378 "-" "Mozilla/5.0 (compatible; BLEXBot/1.0; +http://webmeup-crawler.com/)" "moreno-ibarra.com"
136.243.104.54 - - [24/Nov/2022:06:56:52 -0800] "GET /hahoo_site_admin_/logs/ HTTP/1.1" 200 521 "-" "Mozilla/5.0 (compatible; BLEXBot/1.0; +http://webmeup-crawler.com/)" "moreno-ibarra.com"
216.244.66.241 - - [24/Nov/2022:07:14:41 -0800] "GET /robots.txt HTTP/1.1" 404 73 "-" "Mozilla/5.0 (compatible; DotBot/1.2; +https://opensiteexplorer.org/dotbot; help@moz.com)" "www.moreno-ibarra.com"
216.244.66.241 - - [24/Nov/2022:07:14:41 -0800] "GET /robots.txt HTTP/1.1" 404 73 "-" "Mozilla/5.0 (compatible; DotBot/1.2; +https://opensiteexplorer.org/dotbot; help@moz.com)" "moreno-ibarra.com"
114.119.132.9 - - [24/Nov/2022:07:39:19 -0800] "GET /hahoo_site_admin_/cache/collection?C=S%3BO%3DA HTTP/1.1" 301 1441 "http://www.moreno-ibarra.com/hahoo_site_admin_/cache/collection?C=D%3BO%3DA" "Mozilla/5.0 (Linux; Android 7.0;) AppleWebKit/537.36 (KHTML, like Gecko) Mobile Safari/537.36 (compatible; PetalBot;+https://webmaster.petalsearch.com/site/petalbot)" "www.moreno-ibarra.com"
114.119.132.9 - - [24/Nov/2022:07:39:21 -0800] "GET /hahoo_site_admin_/cache/collection/?C=S%3BO%3DA HTTP/1.1" 200 774 "http://www.moreno-ibarra.com/hahoo_site_admin_/cache/collection?C=D%3BO%3DA" "Mozilla/5.0 (Linux; Android 7.0;) AppleWebKit/537.36 (KHTML, like Gecko) Mobile Safari/537.36 (compatible; PetalBot;+https://webmaster.petalsearch.com/site/petalbot)" "www.moreno-ibarra.com"
216.244.66.241 - - [24/Nov/2022:08:00:00 -0800] "GET /robots.txt HTTP/1.1" 404 73 "-" "Mozilla/5.0 (compatible; DotBot/1.2; +https://opensiteexplorer.org/dotbot; help@moz.com)" "moreno-ibarra.com"
51.222.253.20 - - [24/Nov/2022:08:00:37 -0800] "GET /hahoo_site_admin_/credentials/?C=N;O=D HTTP/1.1" 200 376 "-" "Mozilla/5.0 (compatible; AhrefsBot/7.0; +http://ahrefs.com/robot/)" "moreno-ibarra.com"
178.45.209.161 - - [24/Nov/2022:09:24:11 -0800] "GET /contactenos/ HTTP/1.1" 404 73 "http://moreno-ibarra.com/contactenos/" "Mozilla/5.0 (Windows NT 6.1; ) AppleWebKit/537.36 (KHTML, like Gecko) Chrome/90.0.4430.85 Safari/537.36" "moreno-ibarra.com"
178.45.209.161 - - [24/Nov/2022:09:24:11 -0800] "GET / HTTP/1.1" 200 557 "http://moreno-ibarra.com/" "Mozilla/5.0 (Windows NT 6.1; ) AppleWebKit/537.36 (KHTML, like Gecko) Chrome/90.0.4430.85 Safari/537.36" "moreno-ibarra.com"
216.244.66.241 - - [24/Nov/2022:09:31:15 -0800] "GET /robots.txt HTTP/1.1" 404 73 "-" "Mozilla/5.0 (compatible; DotBot/1.2; +https://opensiteexplorer.org/dotbot; help@moz.com)" "www.moreno-ibarra.com"
216.244.66.241 - - [24/Nov/2022:09:31:15 -0800] "GET /robots.txt HTTP/1.1" 404 73 "-" "Mozilla/5.0 (compatible; DotBot/1.2; +https://opensiteexplorer.org/dotbot; help@moz.com)" "moreno-ibarra.com"
51.222.253.19 - - [24/Nov/2022:09:55:04 -0800] "GET /robots.txt HTTP/1.1" 404 88 "-" "Mozilla/5.0 (compatible; AhrefsBot/7.0; +http://ahrefs.com/robot/)" "moreno-ibarra.com"
51.222.253.9 - - [24/Nov/2022:09:55:06 -0800] "GET /hahoo_site_admin_/cache/collection/?C=S;O=D HTTP/1.1" 200 775 "-" "Mozilla/5.0 (compatible; AhrefsBot/7.0; +http://ahrefs.com/robot/)" "moreno-ibarra.com"
95.84.248.246 - - [24/Nov/2022:10:11:58 -0800] "GET /contactenos/ HTTP/1.1" 404 73 "http://moreno-ibarra.com/contactenos/" "Mozilla/5.0 (Windows NT 10.0; Win64; x64) AppleWebKit/537.36 (KHTML, like Gecko) Chrome/90.0.4430.72 Safari/537.36 Edg/90.0.818.42" "moreno-ibarra.com"
95.84.248.246 - - [24/Nov/2022:10:11:58 -0800] "GET / HTTP/1.1" 200 557 "http://moreno-ibarra.com/" "Mozilla/5.0 (Windows NT 10.0; Win64; x64) AppleWebKit/537.36 (KHTML, like Gecko) Chrome/90.0.4430.72 Safari/537.36 Edg/90.0.818.42" "moreno-ibarra.com"
5.140.233.250 - - [24/Nov/2022:11:28:51 -0800] "GET /contactenos/ HTTP/1.1" 404 73 "http://moreno-ibarra.com/contactenos/" "Mozilla/5.0 (Windows NT 6.3) AppleWebKit/537.36 (KHTML, like Gecko) Chrome/90.0.4430.72 Safari/537.36" "moreno-ibarra.com"
5.140.233.250 - - [24/Nov/2022:11:28:51 -0800] "GET / HTTP/1.1" 200 557 "http://moreno-ibarra.com/" "Mozilla/5.0 (Windows NT 6.3) AppleWebKit/537.36 (KHTML, like Gecko) Chrome/90.0.4430.72 Safari/537.36" "moreno-ibarra.com"
114.119.138.220 - - [24/Nov/2022:11:39:00 -0800] "GET /hahoo_site_admin_/cache/collection/?C=N%3BO%3DD HTTP/1.1" 200 774 "http://moreno-ibarra.com/hahoo_site_admin_/cache/collection?C=N%3BO%3DD" "Mozilla/5.0 (Linux; Android 7.0;) AppleWebKit/537.36 (KHTML, like Gecko) Mobile Safari/537.36 (compatible; PetalBot;+https://webmaster.petalsearch.com/site/petalbot)" "moreno-ibarra.com"
157.55.39.187 - - [24/Nov/2022:11:48:08 -0800] "GET / HTTP/1.1" 200 330 "-" "Mozilla/5.0 (compatible; bingbot/2.0; +http://www.bing.com/bingbot.htm)" "www.moreno-ibarra.com"
216.244.66.241 - - [24/Nov/2022:11:48:37 -0800] "GET /robots.txt HTTP/1.1" 404 73 "-" "Mozilla/5.0 (compatible; DotBot/1.2; +https://opensiteexplorer.org/dotbot; help@moz.com)" "www.moreno-ibarra.com"
114.119.153.108 - - [24/Nov/2022:12:07:59 -0800] "GET /hahoo_site_admin_/logs/log.txt HTTP/1.1" 200 2734 "http://www.moreno-ibarra.com/hahoo_site_admin_/logs?C=M%3BO%3DA" "Mozilla/5.0 (Linux; Android 7.0;) AppleWebKit/537.36 (KHTML, like Gecko) Mobile Safari/537.36 (compatible; PetalBot;+https://webmaster.petalsearch.com/site/petalbot)" "www.moreno-ibarra.com"
114.119.132.9 - - [24/Nov/2022:12:13:07 -0800] "GET /hahoo_site_admin_ HTTP/1.1" 301 1418 "http://www.moreno-ibarra.com?C=M%3BO%3DA" "Mozilla/5.0 (Linux; Android 7.0;) AppleWebKit/537.36 (KHTML, like Gecko) Mobile Safari/537.36 (compatible; PetalBot;+https://webmaster.petalsearch.com/site/petalbot)" "www.moreno-ibarra.com"
114.119.132.9 - - [24/Nov/2022:12:13:08 -0800] "GET /hahoo_site_admin_/ HTTP/1.1" 200 430 "http://www.moreno-ibarra.com?C=M%3BO%3DA" "Mozilla/5.0 (Linux; Android 7.0;) AppleWebKit/537.36 (KHTML, like Gecko) Mobile Safari/537.36 (compatible; PetalBot;+https://webmaster.petalsearch.com/site/petalbot)" "www.moreno-ibarra.com"
51.222.253.14 - - [24/Nov/2022:12:13:45 -0800] "GET /robots.txt HTTP/1.1" 404 88 "-" "Mozilla/5.0 (compatible; AhrefsBot/7.0; +http://ahrefs.com/robot/)" "www.moreno-ibarra.com"
51.222.253.20 - - [24/Nov/2022:12:13:47 -0800] "GET / HTTP/1.1" 200 330 "-" "Mozilla/5.0 (compatible; AhrefsBot/7.0; +http://ahrefs.com/robot/)" "www.moreno-ibarra.com"
114.119.143.247 - - [24/Nov/2022:12:18:16 -0800] "GET /hahoo_site_admin_/cache/collection/334922eef56203e6fa1f01b6d2195bbc HTTP/1.1" 200 63 "-" "Mozilla/5.0 (Linux; Android 7.0;) AppleWebKit/537.36 (KHTML, like Gecko) Mobile Safari/537.36 (compatible; PetalBot;+https://webmaster.petalsearch.com/site/petalbot)" "www.moreno-ibarra.com"
54.90.135.103 - - [24/Nov/2022:12:20:01 -0800] "GET /robots.txt HTTP/1.1" 404 73 "-" "Mozilla/5.0 (X11; Linux x86_64) AppleWebKit/537.36 (KHTML, like Gecko) Chrome/94.0.4606.81 Safari/537.36" "moreno-ibarra.com"
54.90.135.103 - - [24/Nov/2022:12:20:01 -0800] "GET / HTTP/1.1" 200 557 "-" "Mozilla/5.0 (X11; Linux x86_64) AppleWebKit/537.36 (KHTML, like Gecko) Chrome/94.0.4606.81 Safari/537.36" "moreno-ibarra.com"
114.119.138.220 - - [24/Nov/2022:12:23:25 -0800] "GET /hahoo_site_admin_/credentials/?C=M%3BO%3DA HTTP/1.1" 200 378 "http://www.moreno-ibarra.com/hahoo_site_admin_/credentials" "Mozilla/5.0 (Linux; Android 7.0;) AppleWebKit/537.36 (KHTML, like Gecko) Mobile Safari/537.36 (compatible; PetalBot;+https://webmaster.petalsearch.com/site/petalbot)" "www.moreno-ibarra.com"
111.240.202.12 - - [24/Nov/2022:12:24:41 -0800] "GET /contactenos/ HTTP/1.1" 404 73 "http://moreno-ibarra.com/contactenos/" "Mozilla/5.0 (Windows NT 10.0; Win64; x64) AppleWebKit/537.36 (KHTML, like Gecko) Chrome/90.0.4430.72 Safari/537.36" "moreno-ibarra.com"
111.240.202.12 - - [24/Nov/2022:12:24:42 -0800] "GET / HTTP/1.1" 200 557 "http://moreno-ibarra.com/" "Mozilla/5.0 (Windows NT 10.0; Win64; x64) AppleWebKit/537.36 (KHTML, like Gecko) Chrome/90.0.4430.72 Safari/537.36" "moreno-ibarra.com"
212.102.33.211 - - [24/Nov/2022:12:27:54 -0800] "GET / HTTP/1.1" 200 330 "-" "Mozilla/5.0 (Macintosh; Intel Mac OS X 12_5) AppleWebKit/537.36 (KHTML, like Gecko) Chrome/103.0.0.0 Safari/537.36 Vivaldi/5.3.2679.68" "moreno-ibarra.com"
212.102.33.211 - - [24/Nov/2022:12:27:54 -0800] "GET /?C=N;O=D HTTP/1.1" 200 328 "http://moreno-ibarra.com" "Mozilla/5.0 (Macintosh; Intel Mac OS X 12_5) AppleWebKit/537.36 (KHTML, like Gecko) Chrome/103.0.0.0 Safari/537.36 Vivaldi/5.3.2679.68" "moreno-ibarra.com"
212.102.33.211 - - [24/Nov/2022:12:27:55 -0800] "GET /hahoo_site_admin_/ HTTP/1.1" 200 430 "http://moreno-ibarra.com" "Mozilla/5.0 (Macintosh; Intel Mac OS X 12_5) AppleWebKit/537.36 (KHTML, like Gecko) Chrome/103.0.0.0 Safari/537.36 Vivaldi/5.3.2679.68" "moreno-ibarra.com"
212.102.33.211 - - [24/Nov/2022:12:27:55 -0800] "GET /?C=M;O=A HTTP/1.1" 200 331 "http://moreno-ibarra.com" "Mozilla/5.0 (Macintosh; Intel Mac OS X 12_5) AppleWebKit/537.36 (KHTML, like Gecko) Chrome/103.0.0.0 Safari/537.36 Vivaldi/5.3.2679.68" "moreno-ibarra.com"
212.102.33.211 - - [24/Nov/2022:12:27:55 -0800] "GET /?C=D;O=A HTTP/1.1" 200 330 "http://moreno-ibarra.com" "Mozilla/5.0 (Macintosh; Intel Mac OS X 12_5) AppleWebKit/537.36 (KHTML, like Gecko) Chrome/103.0.0.0 Safari/537.36 Vivaldi/5.3.2679.68" "moreno-ibarra.com"
212.102.33.211 - - [24/Nov/2022:12:27:55 -0800] "GET /?C=S;O=A HTTP/1.1" 200 331 "http://moreno-ibarra.com" "Mozilla/5.0 (Macintosh; Intel Mac OS X 12_5) AppleWebKit/537.36 (KHTML, like Gecko) Chrome/103.0.0.0 Safari/537.36 Vivaldi/5.3.2679.68" "moreno-ibarra.com"
114.119.139.148 - - [24/Nov/2022:12:28:33 -0800] "GET /hahoo_site_admin_/cache/collection/0d51329d93c16f700d3adf5a8506a8c4 HTTP/1.1" 200 28608 "http://moreno-ibarra.com/hahoo_site_admin_/cache/collection?C=N%3BO%3DD" "Mozilla/5.0 (Linux; Android 7.0;) AppleWebKit/537.36 (KHTML, like Gecko) Mobile Safari/537.36 (compatible; PetalBot;+https://webmaster.petalsearch.com/site/petalbot)" "moreno-ibarra.com"
194.38.20.161 - - [24/Nov/2022:12:30:24 -0800] "GET /wp-content/themes/seotheme/db.php?u HTTP/1.1" 404 73 "-" "ALittle Client" "moreno-ibarra.com"
216.244.66.241 - - [24/Nov/2022:12:34:56 -0800] "GET /robots.txt HTTP/1.1" 404 73 "-" "Mozilla/5.0 (compatible; DotBot/1.2; +https://opensiteexplorer.org/dotbot; help@moz.com)" "moreno-ibarra.com"
216.244.66.241 - - [24/Nov/2022:12:34:56 -0800] "GET /robots.txt HTTP/1.1" 404 73 "-" "Mozilla/5.0 (compatible; DotBot/1.2; +https://opensiteexplorer.org/dotbot; help@moz.com)" "www.moreno-ibarra.com"
207.46.13.36 - - [24/Nov/2022:12:42:22 -0800] "GET / HTTP/1.1" 200 330 "-" "Mozilla/5.0 (compatible; bingbot/2.0; +http://www.bing.com/bingbot.htm)" "moreno-ibarra.com"
216.244.66.241 - - [24/Nov/2022:13:12:56 -0800] "GET /hahoo_site_admin_/assets/images/images_1.202190914.jpg HTTP/1.1" 200 8661 "-" "Mozilla/5.0 (compatible; DotBot/1.2; +https://opensiteexplorer.org/dotbot; help@moz.com)" "www.moreno-ibarra.com"
216.244.66.241 - - [24/Nov/2022:13:12:57 -0800] "GET /hahoo_site_admin_/assets/images/12990885_638174209665979_6795748925003865521_n110154925_std.33883343_sq_thumb_s.jpg HTTP/1.1" 200 4653 "-" "Mozilla/5.0 (compatible; DotBot/1.2; +https://opensiteexplorer.org/dotbot; help@moz.com)" "www.moreno-ibarra.com"
216.244.66.241 - - [24/Nov/2022:13:13:19 -0800] "GET /hahoo_site_admin_/assets/images/MorIyCIA.202125841_large.png HTTP/1.1" 200 109738 "-" "Mozilla/5.0 (compatible; DotBot/1.2; +https://opensiteexplorer.org/dotbot; help@moz.com)" "moreno-ibarra.com"
216.244.66.241 - - [24/Nov/2022:13:21:12 -0800] "GET /robots.txt HTTP/1.1" 404 73 "-" "Mozilla/5.0 (compatible; DotBot/1.2; +https://opensiteexplorer.org/dotbot; help@moz.com)" "www.moreno-ibarra.com"
216.244.66.241 - - [24/Nov/2022:13:21:12 -0800] "GET /robots.txt HTTP/1.1" 404 73 "-" "Mozilla/5.0 (compatible; DotBot/1.2; +https://opensiteexplorer.org/dotbot; help@moz.com)" "moreno-ibarra.com"
107.189.30.230 - - [24/Nov/2022:13:27:00 -0800] "GET /contactenos/ HTTP/1.1" 404 73 "http://moreno-ibarra.com/contactenos/" "Mozilla/5.0 (Windows NT 6.1) AppleWebKit/537.36 (KHTML, like Gecko) Chrome/90.0.4430.85 Safari/537.36" "moreno-ibarra.com"
107.189.30.230 - - [24/Nov/2022:13:27:01 -0800] "GET / HTTP/1.1" 200 557 "http://moreno-ibarra.com/" "Mozilla/5.0 (Windows NT 6.1) AppleWebKit/537.36 (KHTML, like Gecko) Chrome/90.0.4430.85 Safari/537.36" "moreno-ibarra.com"
114.119.156.140 - - [24/Nov/2022:13:55:59 -0800] "GET /robots.txt HTTP/1.1" 404 88 "-" "Mozilla/5.0 (compatible;PetalBot;+https://webmaster.petalsearch.com/site/petalbot)" "www.moreno-ibarra.com"
185.197.195.173 - - [24/Nov/2022:14:06:38 -0800] "GET /wp-login.php HTTP/1.1" 404 88 "-" "Mozilla/5.0 (Windows NT 10.0; Win64; x64; rv:96.0) Gecko/20100101 Firefox/96" "moreno-ibarra.com"
216.244.66.241 - - [24/Nov/2022:14:09:36 -0800] "GET /robots.txt HTTP/1.1" 404 73 "-" "Mozilla/5.0 (compatible; DotBot/1.2; +https://opensiteexplorer.org/dotbot; help@moz.com)" "www.moreno-ibarra.com"
207.46.13.36 - - [24/Nov/2022:14:19:04 -0800] "GET / HTTP/1.1" 200 330 "-" "Mozilla/5.0 AppleWebKit/537.36 (KHTML, like Gecko; compatible; bingbot/2.0; +http://www.bing.com/bingbot.htm) Chrome/103.0.5060.134 Safari/537.36" "www.moreno-ibarra.com"
54.36.148.150 - - [24/Nov/2022:14:40:07 -0800] "GET /robots.txt HTTP/1.1" 404 88 "-" "Mozilla/5.0 (compatible; AhrefsBot/7.0; +http://ahrefs.com/robot/)" "www.moreno-ibarra.com"
