216.244.66.241 - - [26/Nov/2022:16:30:04 -0800] "GET /robots.txt HTTP/1.1" 404 73 "-" "Mozilla/5.0 (compatible; DotBot/1.2; +https://opensiteexplorer.org/dotbot; help@moz.com)" "www.moreno-ibarra.com"
216.244.66.241 - - [26/Nov/2022:16:30:04 -0800] "GET /robots.txt HTTP/1.1" 404 73 "-" "Mozilla/5.0 (compatible; DotBot/1.2; +https://opensiteexplorer.org/dotbot; help@moz.com)" "moreno-ibarra.com"
51.222.253.12 - - [26/Nov/2022:17:15:02 -0800] "GET /hahoo_site_admin_/ HTTP/1.1" 200 430 "-" "Mozilla/5.0 (compatible; AhrefsBot/7.0; +http://ahrefs.com/robot/)" "www.moreno-ibarra.com"
216.244.66.241 - - [26/Nov/2022:17:18:48 -0800] "GET /robots.txt HTTP/1.1" 404 73 "-" "Mozilla/5.0 (compatible; DotBot/1.2; +https://opensiteexplorer.org/dotbot; help@moz.com)" "moreno-ibarra.com"
216.244.66.241 - - [26/Nov/2022:17:18:48 -0800] "GET /robots.txt HTTP/1.1" 404 73 "-" "Mozilla/5.0 (compatible; DotBot/1.2; +https://opensiteexplorer.org/dotbot; help@moz.com)" "www.moreno-ibarra.com"
188.162.6.235 - - [26/Nov/2022:17:23:37 -0800] "GET /contactenos/ HTTP/1.1" 404 73 "http://moreno-ibarra.com/contactenos/" "Mozilla/5.0 (Windows NT 10.0) AppleWebKit/537.36 (KHTML, like Gecko) Chrome/90.0.4430.72 Safari/537.36" "moreno-ibarra.com"
188.162.6.235 - - [26/Nov/2022:17:23:38 -0800] "GET / HTTP/1.1" 200 557 "http://moreno-ibarra.com/" "Mozilla/5.0 (Windows NT 10.0) AppleWebKit/537.36 (KHTML, like Gecko) Chrome/90.0.4430.72 Safari/537.36" "moreno-ibarra.com"
157.55.39.187 - - [26/Nov/2022:17:43:22 -0800] "GET / HTTP/1.1" 200 330 "-" "Mozilla/5.0 (compatible; bingbot/2.0; +http://www.bing.com/bingbot.htm)" "www.moreno-ibarra.com"
95.163.255.199 - - [26/Nov/2022:17:43:24 -0800] "GET /robots.txt HTTP/1.1" 404 73 "-" "Mozilla/5.0 (compatible; Linux x86_64; Mail.RU_Bot/2.0; +https://help.mail.ru/webmaster/indexing/robots)" "www.moreno-ibarra.com"
95.163.255.217 - - [26/Nov/2022:17:43:26 -0800] "GET / HTTP/1.1" 200 330 "-" "Mozilla/5.0 (compatible; Linux x86_64; Mail.RU_Bot/2.0; +https://help.mail.ru/webmaster/indexing/robots)" "www.moreno-ibarra.com"
216.244.66.241 - - [26/Nov/2022:18:07:45 -0800] "GET /robots.txt HTTP/1.1" 404 73 "-" "Mozilla/5.0 (compatible; DotBot/1.2; +https://opensiteexplorer.org/dotbot; help@moz.com)" "moreno-ibarra.com"
216.244.66.241 - - [26/Nov/2022:18:07:45 -0800] "GET /robots.txt HTTP/1.1" 404 73 "-" "Mozilla/5.0 (compatible; DotBot/1.2; +https://opensiteexplorer.org/dotbot; help@moz.com)" "www.moreno-ibarra.com"
207.46.13.36 - - [26/Nov/2022:18:40:42 -0800] "GET / HTTP/1.1" 200 330 "-" "Mozilla/5.0 AppleWebKit/537.36 (KHTML, like Gecko; compatible; bingbot/2.0; +http://www.bing.com/bingbot.htm) Chrome/103.0.5060.134 Safari/537.36" "moreno-ibarra.com"
114.119.145.183 - - [26/Nov/2022:19:29:17 -0800] "GET /hahoo_site_admin_/assets/ HTTP/1.1" 200 366 "http://moreno-ibarra.com/hahoo_site_admin_/assets/images/?C=N%3BO%3DD" "Mozilla/5.0 (Linux; Android 7.0;) AppleWebKit/537.36 (KHTML, like Gecko) Mobile Safari/537.36 (compatible; PetalBot;+https://webmaster.petalsearch.com/site/petalbot)" "moreno-ibarra.com"
51.222.253.20 - - [26/Nov/2022:19:35:36 -0800] "GET /robots.txt HTTP/1.1" 404 88 "-" "Mozilla/5.0 (compatible; AhrefsBot/7.0; +http://ahrefs.com/robot/)" "moreno-ibarra.com"
51.222.253.19 - - [26/Nov/2022:19:35:37 -0800] "GET /hahoo_site_admin_/logs/?C=N;O=A HTTP/1.1" 200 521 "-" "Mozilla/5.0 (compatible; AhrefsBot/7.0; +http://ahrefs.com/robot/)" "moreno-ibarra.com"
54.189.184.118 - - [26/Nov/2022:19:38:43 -0800] "GET / HTTP/1.1" 200 330 "-" "Mozilla/5.0 (X11; Linux x86_64) AppleWebKit/537.36 (KHTML, like Gecko) Chrome/83.0.4103.97 Safari/537.36" "moreno-ibarra.com"
54.189.184.118 - - [26/Nov/2022:19:38:46 -0800] "GET / HTTP/1.1" 200 330 "-" "Mozilla/5.0 (X11; Linux x86_64) AppleWebKit/537.36 (KHTML, like Gecko) Chrome/83.0.4103.97 Safari/537.36" "moreno-ibarra.com"
35.91.21.19 - - [26/Nov/2022:19:39:14 -0800] "GET /favicon.ico HTTP/1.1" 404 88 "-" "Mozilla/5.0 (X11; Linux x86_64) AppleWebKit/537.36 (KHTML, like Gecko) Chrome/83.0.4103.97 Safari/537.36" "moreno-ibarra.com"
35.91.21.19 - - [26/Nov/2022:19:39:15 -0800] "GET / HTTP/1.1" 200 330 "-" "Mozilla/5.0 (X11; Linux x86_64) AppleWebKit/537.36 (KHTML, like Gecko) Chrome/83.0.4103.97 Safari/537.36" "moreno-ibarra.com"
54.245.32.3 - - [26/Nov/2022:19:39:26 -0800] "GET /favicon.ico HTTP/1.1" 404 88 "-" "Mozilla/5.0 (X11; Linux x86_64) AppleWebKit/537.36 (KHTML, like Gecko) Chrome/83.0.4103.97 Safari/537.36" "moreno-ibarra.com"
54.245.32.3 - - [26/Nov/2022:19:39:27 -0800] "GET / HTTP/1.1" 200 330 "-" "Mozilla/5.0 (X11; Linux x86_64) AppleWebKit/537.36 (KHTML, like Gecko) Chrome/83.0.4103.97 Safari/537.36" "moreno-ibarra.com"
207.46.13.36 - - [26/Nov/2022:19:42:00 -0800] "GET / HTTP/1.1" 200 330 "-" "Mozilla/5.0 (compatible; bingbot/2.0; +http://www.bing.com/bingbot.htm)" "www.moreno-ibarra.com"
216.244.66.241 - - [26/Nov/2022:19:43:41 -0800] "GET /robots.txt HTTP/1.1" 404 73 "-" "Mozilla/5.0 (compatible; DotBot/1.2; +https://opensiteexplorer.org/dotbot; help@moz.com)" "moreno-ibarra.com"
216.244.66.241 - - [26/Nov/2022:19:43:41 -0800] "GET /robots.txt HTTP/1.1" 404 73 "-" "Mozilla/5.0 (compatible; DotBot/1.2; +https://opensiteexplorer.org/dotbot; help@moz.com)" "www.moreno-ibarra.com"
114.119.138.220 - - [26/Nov/2022:19:47:42 -0800] "GET /hahoo_site_admin_/logs/?C=S%3BO%3DA HTTP/1.1" 200 521 "http://www.moreno-ibarra.com/hahoo_site_admin_/logs?C=S%3BO%3DA" "Mozilla/5.0 (Linux; Android 7.0;) AppleWebKit/537.36 (KHTML, like Gecko) Mobile Safari/537.36 (compatible; PetalBot;+https://webmaster.petalsearch.com/site/petalbot)" "www.moreno-ibarra.com"
114.119.145.183 - - [26/Nov/2022:19:52:50 -0800] "GET /hahoo_site_admin_/assets/ HTTP/1.1" 200 366 "http://www.moreno-ibarra.com/hahoo_site_admin_/assets/images?C=N%3BO%3DD" "Mozilla/5.0 (Linux; Android 7.0;) AppleWebKit/537.36 (KHTML, like Gecko) Mobile Safari/537.36 (compatible; PetalBot;+https://webmaster.petalsearch.com/site/petalbot)" "www.moreno-ibarra.com"
193.31.103.24 - - [26/Nov/2022:19:57:53 -0800] "GET /contactenos/ HTTP/1.1" 404 73 "http://moreno-ibarra.com/contactenos/" "Mozilla/5.0 (Windows NT 10.0; Win64; x64) AppleWebKit/537.36 (KHTML, like Gecko) Chrome/90.0.4430.85 Safari/537.36" "moreno-ibarra.com"
193.31.103.24 - - [26/Nov/2022:19:57:53 -0800] "GET / HTTP/1.1" 200 557 "http://moreno-ibarra.com/" "Mozilla/5.0 (Windows NT 10.0; Win64; x64) AppleWebKit/537.36 (KHTML, like Gecko) Chrome/90.0.4430.85 Safari/537.36" "moreno-ibarra.com"
114.119.143.225 - - [26/Nov/2022:19:58:05 -0800] "GET /hahoo_site_admin_/cache/collection/9970cef1dfad99ca758c7e4cbac6ba7e HTTP/1.1" 200 63 "-" "Mozilla/5.0 (Linux; Android 7.0;) AppleWebKit/537.36 (KHTML, like Gecko) Mobile Safari/537.36 (compatible; PetalBot;+https://webmaster.petalsearch.com/site/petalbot)" "www.moreno-ibarra.com"
114.119.143.215 - - [26/Nov/2022:20:12:24 -0800] "GET /hahoo_site_admin_/cache/collection/334922eef56203e6fa1f01b6d2195bbc HTTP/1.1" 200 63 "-" "Mozilla/5.0 (Linux; Android 7.0;) AppleWebKit/537.36 (KHTML, like Gecko) Mobile Safari/537.36 (compatible; PetalBot;+https://webmaster.petalsearch.com/site/petalbot)" "moreno-ibarra.com"
216.244.66.241 - - [26/Nov/2022:20:32:24 -0800] "GET /robots.txt HTTP/1.1" 404 73 "-" "Mozilla/5.0 (compatible; DotBot/1.2; +https://opensiteexplorer.org/dotbot; help@moz.com)" "www.moreno-ibarra.com"
114.119.139.148 - - [26/Nov/2022:20:34:51 -0800] "GET /hahoo_site_admin_/cache/collection?C=M%3BO%3DA HTTP/1.1" 301 1441 "http://www.moreno-ibarra.com/hahoo_site_admin_/cache/collection?C=D%3BO%3DA" "Mozilla/5.0 (Linux; Android 7.0;) AppleWebKit/537.36 (KHTML, like Gecko) Mobile Safari/537.36 (compatible; PetalBot;+https://webmaster.petalsearch.com/site/petalbot)" "www.moreno-ibarra.com"
114.119.139.148 - - [26/Nov/2022:20:34:51 -0800] "GET /hahoo_site_admin_/cache/collection/?C=M%3BO%3DA HTTP/1.1" 200 774 "http://www.moreno-ibarra.com/hahoo_site_admin_/cache/collection?C=D%3BO%3DA" "Mozilla/5.0 (Linux; Android 7.0;) AppleWebKit/537.36 (KHTML, like Gecko) Mobile Safari/537.36 (compatible; PetalBot;+https://webmaster.petalsearch.com/site/petalbot)" "www.moreno-ibarra.com"
195.191.219.132 - - [26/Nov/2022:21:08:49 -0800] "GET /robots.txt HTTP/1.1" 404 73 "-" "Mozilla/5.0 (compatible; MJ12bot/v1.4.8; http://mj12bot.com/)" "moreno-ibarra.com"
195.191.219.132 - - [26/Nov/2022:21:08:52 -0800] "GET / HTTP/1.1" 200 330 "-" "Mozilla/5.0 (compatible; MJ12bot/v1.4.8; http://mj12bot.com/)" "moreno-ibarra.com"
195.191.219.132 - - [26/Nov/2022:21:08:53 -0800] "GET /robots.txt HTTP/1.1" 404 73 "-" "Mozilla/5.0 (compatible; MJ12bot/v1.4.8; http://mj12bot.com/)" "www.moreno-ibarra.com"
195.191.219.132 - - [26/Nov/2022:21:08:55 -0800] "GET / HTTP/1.1" 200 330 "-" "Mozilla/5.0 (compatible; MJ12bot/v1.4.8; http://mj12bot.com/)" "www.moreno-ibarra.com"
216.244.66.241 - - [26/Nov/2022:21:22:16 -0800] "GET /robots.txt HTTP/1.1" 404 73 "-" "Mozilla/5.0 (compatible; DotBot/1.2; +https://opensiteexplorer.org/dotbot; help@moz.com)" "moreno-ibarra.com"
216.244.66.241 - - [26/Nov/2022:21:22:16 -0800] "GET /robots.txt HTTP/1.1" 404 73 "-" "Mozilla/5.0 (compatible; DotBot/1.2; +https://opensiteexplorer.org/dotbot; help@moz.com)" "www.moreno-ibarra.com"
51.222.253.1 - - [26/Nov/2022:21:24:30 -0800] "GET /?C=D;O=D HTTP/1.1" 200 328 "-" "Mozilla/5.0 (compatible; AhrefsBot/7.0; +http://ahrefs.com/robot/)" "moreno-ibarra.com"
157.55.39.187 - - [26/Nov/2022:22:08:57 -0800] "GET / HTTP/1.1" 200 330 "-" "Mozilla/5.0 AppleWebKit/537.36 (KHTML, like Gecko; compatible; bingbot/2.0; +http://www.bing.com/bingbot.htm) Chrome/103.0.5060.134 Safari/537.36" "moreno-ibarra.com"
91.242.162.47 - - [26/Nov/2022:22:46:27 -0800] "GET /robots.txt HTTP/1.1" 404 88 "-" "Mozilla/5.0 (compatible; Qwantify/2.4w; +https://www.qwant.com/)" "www.moreno-ibarra.com"
91.242.162.47 - - [26/Nov/2022:22:46:27 -0800] "GET /?C=D;O=D HTTP/1.1" 200 328 "-" "Mozilla/5.0 (compatible; Qwantify/2.4w; +https://www.qwant.com/)" "www.moreno-ibarra.com"
216.244.66.241 - - [26/Nov/2022:23:03:06 -0800] "GET /robots.txt HTTP/1.1" 404 73 "-" "Mozilla/5.0 (compatible; DotBot/1.2; +https://opensiteexplorer.org/dotbot; help@moz.com)" "moreno-ibarra.com"
216.244.66.241 - - [26/Nov/2022:23:50:16 -0800] "GET /robots.txt HTTP/1.1" 404 73 "-" "Mozilla/5.0 (compatible; DotBot/1.2; +https://opensiteexplorer.org/dotbot; help@moz.com)" "www.moreno-ibarra.com"
216.244.66.241 - - [26/Nov/2022:23:50:16 -0800] "GET /robots.txt HTTP/1.1" 404 73 "-" "Mozilla/5.0 (compatible; DotBot/1.2; +https://opensiteexplorer.org/dotbot; help@moz.com)" "moreno-ibarra.com"
114.119.148.132 - - [26/Nov/2022:23:56:59 -0800] "GET /robots.txt HTTP/1.1" 404 88 "-" "Mozilla/5.0 (compatible;PetalBot;+https://webmaster.petalsearch.com/site/petalbot)" "moreno-ibarra.com"
114.119.131.189 - - [27/Nov/2022:00:13:57 -0800] "GET /robots.txt HTTP/1.1" 404 88 "-" "Mozilla/5.0 (compatible;PetalBot;+https://webmaster.petalsearch.com/site/petalbot)" "www.moreno-ibarra.com"
216.244.66.241 - - [27/Nov/2022:00:36:56 -0800] "GET /robots.txt HTTP/1.1" 404 73 "-" "Mozilla/5.0 (compatible; DotBot/1.2; +https://opensiteexplorer.org/dotbot; help@moz.com)" "moreno-ibarra.com"
216.244.66.241 - - [27/Nov/2022:00:36:56 -0800] "GET /robots.txt HTTP/1.1" 404 73 "-" "Mozilla/5.0 (compatible; DotBot/1.2; +https://opensiteexplorer.org/dotbot; help@moz.com)" "www.moreno-ibarra.com"
51.222.253.17 - - [27/Nov/2022:00:39:16 -0800] "GET / HTTP/1.1" 200 330 "-" "Mozilla/5.0 (compatible; AhrefsBot/7.0; +http://ahrefs.com/robot/)" "moreno-ibarra.com"
216.244.66.241 - - [27/Nov/2022:01:26:32 -0800] "GET /robots.txt HTTP/1.1" 404 73 "-" "Mozilla/5.0 (compatible; DotBot/1.2; +https://opensiteexplorer.org/dotbot; help@moz.com)" "moreno-ibarra.com"
216.244.66.241 - - [27/Nov/2022:01:26:32 -0800] "GET /robots.txt HTTP/1.1" 404 73 "-" "Mozilla/5.0 (compatible; DotBot/1.2; +https://opensiteexplorer.org/dotbot; help@moz.com)" "www.moreno-ibarra.com"
93.158.161.70 - - [27/Nov/2022:02:08:16 -0800] "GET /robots.txt HTTP/1.1" 404 73 "-" "Mozilla/5.0 (compatible; YandexBot/3.0; +http://yandex.com/bots)" "moreno-ibarra.com"
93.158.161.70 - - [27/Nov/2022:02:08:19 -0800] "GET /acerca_de HTTP/1.1" 404 88 "-" "Mozilla/5.0 (compatible; YandexBot/3.0; +http://yandex.com/bots)" "moreno-ibarra.com"
216.244.66.241 - - [27/Nov/2022:02:12:35 -0800] "GET /robots.txt HTTP/1.1" 404 73 "-" "Mozilla/5.0 (compatible; DotBot/1.2; +https://opensiteexplorer.org/dotbot; help@moz.com)" "moreno-ibarra.com"
216.244.66.241 - - [27/Nov/2022:02:12:35 -0800] "GET /robots.txt HTTP/1.1" 404 73 "-" "Mozilla/5.0 (compatible; DotBot/1.2; +https://opensiteexplorer.org/dotbot; help@moz.com)" "www.moreno-ibarra.com"
216.244.66.241 - - [27/Nov/2022:03:01:11 -0800] "GET /robots.txt HTTP/1.1" 404 73 "-" "Mozilla/5.0 (compatible; DotBot/1.2; +https://opensiteexplorer.org/dotbot; help@moz.com)" "www.moreno-ibarra.com"
216.244.66.241 - - [27/Nov/2022:03:01:11 -0800] "GET /robots.txt HTTP/1.1" 404 73 "-" "Mozilla/5.0 (compatible; DotBot/1.2; +https://opensiteexplorer.org/dotbot; help@moz.com)" "moreno-ibarra.com"
104.244.72.248 - - [27/Nov/2022:03:08:03 -0800] "GET /contactenos/ HTTP/1.1" 404 73 "http://moreno-ibarra.com/contactenos/" "Mozilla/5.0 (Windows NT 6.2; Win64; x64) AppleWebKit/537.36 (KHTML, like Gecko) Chrome/90.0.4430.72 Safari/537.36" "moreno-ibarra.com"
209.141.53.165 - - [27/Nov/2022:03:08:04 -0800] "GET / HTTP/1.1" 200 557 "http://moreno-ibarra.com/" "Mozilla/5.0 (Windows NT 6.2; Win64; x64) AppleWebKit/537.36 (KHTML, like Gecko) Chrome/90.0.4430.72 Safari/537.36" "moreno-ibarra.com"
185.220.101.32 - - [27/Nov/2022:03:35:09 -0800] "GET / HTTP/1.1" 200 330 "http://moreno-ibarra.com" "Mozilla/5.0 (iPhone; CPU iPhone OS 11_2_1 like Mac OS X) AppleWebKit/604.4.7 (KHTML, like Gecko) Version/11.0 Mobile/15C153 Safari/604.1" "moreno-ibarra.com"
114.119.153.108 - - [27/Nov/2022:03:40:13 -0800] "GET /hahoo_site_admin_/logs/log.txt.1 HTTP/1.1" 200 2608 "http://moreno-ibarra.com/hahoo_site_admin_/logs/?C=D%3BO%3DA" "Mozilla/5.0 (Linux; Android 7.0;) AppleWebKit/537.36 (KHTML, like Gecko) Mobile Safari/537.36 (compatible; PetalBot;+https://webmaster.petalsearch.com/site/petalbot)" "moreno-ibarra.com"
216.244.66.241 - - [27/Nov/2022:03:48:10 -0800] "GET /robots.txt HTTP/1.1" 404 73 "-" "Mozilla/5.0 (compatible; DotBot/1.2; +https://opensiteexplorer.org/dotbot; help@moz.com)" "www.moreno-ibarra.com"
216.244.66.241 - - [27/Nov/2022:03:48:10 -0800] "GET /robots.txt HTTP/1.1" 404 73 "-" "Mozilla/5.0 (compatible; DotBot/1.2; +https://opensiteexplorer.org/dotbot; help@moz.com)" "moreno-ibarra.com"
114.119.138.179 - - [27/Nov/2022:04:20:34 -0800] "GET /hahoo_site_admin_/assets/images/?C=M%3BO%3DA HTTP/1.1" 200 2524 "http://www.moreno-ibarra.com/hahoo_site_admin_/assets/images?C=N%3BO%3DD" "Mozilla/5.0 (Linux; Android 7.0;) AppleWebKit/537.36 (KHTML, like Gecko) Mobile Safari/537.36 (compatible; PetalBot;+https://webmaster.petalsearch.com/site/petalbot)" "www.moreno-ibarra.com"
216.244.66.241 - - [27/Nov/2022:04:35:45 -0800] "GET /robots.txt HTTP/1.1" 404 73 "-" "Mozilla/5.0 (compatible; DotBot/1.2; +https://opensiteexplorer.org/dotbot; help@moz.com)" "www.moreno-ibarra.com"
216.244.66.241 - - [27/Nov/2022:04:35:45 -0800] "GET /robots.txt HTTP/1.1" 404 73 "-" "Mozilla/5.0 (compatible; DotBot/1.2; +https://opensiteexplorer.org/dotbot; help@moz.com)" "moreno-ibarra.com"
114.119.153.108 - - [27/Nov/2022:04:49:58 -0800] "GET /hahoo_site_admin_/?C=S%3BO%3DA HTTP/1.1" 200 430 "http://www.moreno-ibarra.com/hahoo_site_admin_/?C=N%3BO%3DD" "Mozilla/5.0 (Linux; Android 7.0;) AppleWebKit/537.36 (KHTML, like Gecko) Mobile Safari/537.36 (compatible; PetalBot;+https://webmaster.petalsearch.com/site/petalbot)" "www.moreno-ibarra.com"
114.119.147.246 - - [27/Nov/2022:04:58:54 -0800] "GET /hahoo_site_admin_/logs/log.txt.3 HTTP/1.1" 200 4264 "http://moreno-ibarra.com/hahoo_site_admin_/logs/?C=D%3BO%3DA" "Mozilla/5.0 (Linux; Android 7.0;) AppleWebKit/537.36 (KHTML, like Gecko) Mobile Safari/537.36 (compatible; PetalBot;+https://webmaster.petalsearch.com/site/petalbot)" "moreno-ibarra.com"
157.55.39.187 - - [27/Nov/2022:05:18:49 -0800] "GET / HTTP/1.1" 200 330 "-" "Mozilla/5.0 (compatible; bingbot/2.0; +http://www.bing.com/bingbot.htm)" "www.moreno-ibarra.com"
216.244.66.241 - - [27/Nov/2022:05:24:14 -0800] "GET /robots.txt HTTP/1.1" 404 73 "-" "Mozilla/5.0 (compatible; DotBot/1.2; +https://opensiteexplorer.org/dotbot; help@moz.com)" "www.moreno-ibarra.com"
216.244.66.241 - - [27/Nov/2022:05:24:14 -0800] "GET /robots.txt HTTP/1.1" 404 73 "-" "Mozilla/5.0 (compatible; DotBot/1.2; +https://opensiteexplorer.org/dotbot; help@moz.com)" "moreno-ibarra.com"
93.158.91.229 - - [27/Nov/2022:06:02:38 -0800] "GET /robots.txt HTTP/1.1" 404 88 "-" "Mozilla/5.0 (Windows NT 10.0; Win64; x64; rv:104.0) Gecko/20100101 Firefox/104.0" "moreno-ibarra.com"
93.158.91.229 - - [27/Nov/2022:06:02:38 -0800] "GET /humans.txt HTTP/1.1" 404 88 "-" "Mozilla/5.0 (Windows NT 10.0; Win64; x64; rv:104.0) Gecko/20100101 Firefox/104.0" "moreno-ibarra.com"
93.158.91.229 - - [27/Nov/2022:06:02:39 -0800] "GET /ads.txt HTTP/1.1" 404 88 "-" "Mozilla/5.0 (Windows NT 10.0; Win64; x64; rv:104.0) Gecko/20100101 Firefox/104.0" "moreno-ibarra.com"
93.158.91.193 - - [27/Nov/2022:06:02:39 -0800] "GET / HTTP/1.1" 200 330 "-" "Mozilla/5.0 (Windows NT 10.0; Win64; x64; rv:104.0) Gecko/20100101 Firefox/104.0" "moreno-ibarra.com"
192.227.206.200 - - [27/Nov/2022:06:09:10 -0800] "GET / HTTP/1.1" 200 330 "-" "Mozilla/5.0 (X11; Linux x86_64; rv:55.0) Gecko/20100101 Firefox/55.0" "moreno-ibarra.com"
207.46.13.36 - - [27/Nov/2022:06:12:57 -0800] "GET / HTTP/1.1" 200 330 "-" "Mozilla/5.0 (compatible; bingbot/2.0; +http://www.bing.com/bingbot.htm)" "moreno-ibarra.com"
216.244.66.241 - - [27/Nov/2022:06:14:38 -0800] "GET /robots.txt HTTP/1.1" 404 73 "-" "Mozilla/5.0 (compatible; DotBot/1.2; +https://opensiteexplorer.org/dotbot; help@moz.com)" "moreno-ibarra.com"
216.244.66.241 - - [27/Nov/2022:06:14:38 -0800] "GET /robots.txt HTTP/1.1" 404 73 "-" "Mozilla/5.0 (compatible; DotBot/1.2; +https://opensiteexplorer.org/dotbot; help@moz.com)" "www.moreno-ibarra.com"
114.119.138.220 - - [27/Nov/2022:06:38:28 -0800] "GET /hahoo_site_admin_/logs/log.txt HTTP/1.1" 200 2734 "http://moreno-ibarra.com/hahoo_site_admin_/logs/?C=D%3BO%3DA" "Mozilla/5.0 (Linux; Android 7.0;) AppleWebKit/537.36 (KHTML, like Gecko) Mobile Safari/537.36 (compatible; PetalBot;+https://webmaster.petalsearch.com/site/petalbot)" "moreno-ibarra.com"
216.244.66.241 - - [27/Nov/2022:07:03:51 -0800] "GET /robots.txt HTTP/1.1" 404 73 "-" "Mozilla/5.0 (compatible; DotBot/1.2; +https://opensiteexplorer.org/dotbot; help@moz.com)" "www.moreno-ibarra.com"
51.222.253.9 - - [27/Nov/2022:07:38:29 -0800] "GET /robots.txt HTTP/1.1" 404 88 "-" "Mozilla/5.0 (compatible; AhrefsBot/7.0; +http://ahrefs.com/robot/)" "www.moreno-ibarra.com"
51.222.253.8 - - [27/Nov/2022:07:38:31 -0800] "GET / HTTP/1.1" 200 330 "-" "Mozilla/5.0 (compatible; AhrefsBot/7.0; +http://ahrefs.com/robot/)" "www.moreno-ibarra.com"
216.244.66.241 - - [27/Nov/2022:07:50:18 -0800] "GET /robots.txt HTTP/1.1" 404 73 "-" "Mozilla/5.0 (compatible; DotBot/1.2; +https://opensiteexplorer.org/dotbot; help@moz.com)" "moreno-ibarra.com"
216.244.66.241 - - [27/Nov/2022:07:50:18 -0800] "GET /robots.txt HTTP/1.1" 404 73 "-" "Mozilla/5.0 (compatible; DotBot/1.2; +https://opensiteexplorer.org/dotbot; help@moz.com)" "www.moreno-ibarra.com"
154.29.131.166 - - [27/Nov/2022:08:03:05 -0800] "POST / HTTP/1.1" 404 88 "-" "Mozilla/5.0 (Linux; U; Android 4.4.2; en-US; HM NOTE 1W Build/KOT49H) AppleWebKit/534.30 (KHTML, like Gecko) Version/4.0 UCBrowser/11.0.5.850 U3/0.8.0 Mobile Safari/534.30" "moreno-ibarra.com"
154.29.131.166 - - [27/Nov/2022:08:03:08 -0800] "POST / HTTP/1.1" 404 88 "-" "Mozilla/5.0 (Linux; U; Android 4.4.2; en-US; HM NOTE 1W Build/KOT49H) AppleWebKit/534.30 (KHTML, like Gecko) Version/4.0 UCBrowser/11.0.5.850 U3/0.8.0 Mobile Safari/534.30" "moreno-ibarra.com"
154.29.131.166 - - [27/Nov/2022:08:03:10 -0800] "GET /vendor/phpunit/phpunit/src/Util/PHP/eval-stdin.php HTTP/1.1" 404 88 "-" "python-requests/2.28.1" "moreno-ibarra.com"
136.243.104.54 - - [27/Nov/2022:08:05:04 -0800] "GET /robots.txt HTTP/1.1" 404 88 "-" "Mozilla/5.0 (compatible; BLEXBot/1.0; +http://webmeup-crawler.com/)" "moreno-ibarra.com"
136.243.104.54 - - [27/Nov/2022:08:05:07 -0800] "GET /sitemap HTTP/1.1" 404 88 "-" "Mozilla/5.0 (compatible; BLEXBot/1.0; +http://webmeup-crawler.com/)" "moreno-ibarra.com"
136.243.104.54 - - [27/Nov/2022:08:05:12 -0800] "GET /sitemap.txt HTTP/1.1" 404 88 "-" "Mozilla/5.0 (compatible; BLEXBot/1.0; +http://webmeup-crawler.com/)" "moreno-ibarra.com"
136.243.104.54 - - [27/Nov/2022:08:05:19 -0800] "GET /hahoo_site_admin_/?C=D;O=D HTTP/1.1" 200 427 "-" "Mozilla/5.0 (compatible; BLEXBot/1.0; +http://webmeup-crawler.com/)" "moreno-ibarra.com"
136.243.104.54 - - [27/Nov/2022:08:05:22 -0800] "GET /hahoo_site_admin_/?C=M;O=D HTTP/1.1" 200 425 "-" "Mozilla/5.0 (compatible; BLEXBot/1.0; +http://webmeup-crawler.com/)" "moreno-ibarra.com"
136.243.104.54 - - [27/Nov/2022:08:05:26 -0800] "GET /hahoo_site_admin_/?C=N;O=A HTTP/1.1" 200 430 "-" "Mozilla/5.0 (compatible; BLEXBot/1.0; +http://webmeup-crawler.com/)" "moreno-ibarra.com"
136.243.104.54 - - [27/Nov/2022:08:05:30 -0800] "GET /hahoo_site_admin_/?C=S;O=D HTTP/1.1" 200 427 "-" "Mozilla/5.0 (compatible; BLEXBot/1.0; +http://webmeup-crawler.com/)" "moreno-ibarra.com"
136.243.104.54 - - [27/Nov/2022:08:05:33 -0800] "GET /hahoo_site_admin_/assets/?C=D;O=A HTTP/1.1" 200 366 "-" "Mozilla/5.0 (compatible; BLEXBot/1.0; +http://webmeup-crawler.com/)" "moreno-ibarra.com"
136.243.104.54 - - [27/Nov/2022:08:05:46 -0800] "GET /hahoo_site_admin_/assets/?C=M;O=A HTTP/1.1" 200 366 "-" "Mozilla/5.0 (compatible; BLEXBot/1.0; +http://webmeup-crawler.com/)" "moreno-ibarra.com"
136.243.104.54 - - [27/Nov/2022:08:05:49 -0800] "GET /hahoo_site_admin_/assets/?C=N;O=D HTTP/1.1" 200 364 "-" "Mozilla/5.0 (compatible; BLEXBot/1.0; +http://webmeup-crawler.com/)" "moreno-ibarra.com"
136.243.104.54 - - [27/Nov/2022:08:05:55 -0800] "GET /hahoo_site_admin_/assets/?C=S;O=A HTTP/1.1" 200 366 "-" "Mozilla/5.0 (compatible; BLEXBot/1.0; +http://webmeup-crawler.com/)" "moreno-ibarra.com"
136.243.104.54 - - [27/Nov/2022:08:05:58 -0800] "GET /hahoo_site_admin_/assets/images/ HTTP/1.1" 200 2524 "-" "Mozilla/5.0 (compatible; BLEXBot/1.0; +http://webmeup-crawler.com/)" "moreno-ibarra.com"
136.243.104.54 - - [27/Nov/2022:08:06:02 -0800] "GET /hahoo_site_admin_/cache/?C=D;O=A HTTP/1.1" 200 382 "-" "Mozilla/5.0 (compatible; BLEXBot/1.0; +http://webmeup-crawler.com/)" "moreno-ibarra.com"
136.243.104.54 - - [27/Nov/2022:08:06:05 -0800] "GET /hahoo_site_admin_/cache/?C=M;O=A HTTP/1.1" 200 382 "-" "Mozilla/5.0 (compatible; BLEXBot/1.0; +http://webmeup-crawler.com/)" "moreno-ibarra.com"
136.243.104.54 - - [27/Nov/2022:08:06:09 -0800] "GET /hahoo_site_admin_/cache/?C=N;O=D HTTP/1.1" 200 379 "-" "Mozilla/5.0 (compatible; BLEXBot/1.0; +http://webmeup-crawler.com/)" "moreno-ibarra.com"
136.243.104.54 - - [27/Nov/2022:08:06:11 -0800] "GET /hahoo_site_admin_/cache/?C=S;O=A HTTP/1.1" 200 382 "-" "Mozilla/5.0 (compatible; BLEXBot/1.0; +http://webmeup-crawler.com/)" "moreno-ibarra.com"
136.243.104.54 - - [27/Nov/2022:08:06:14 -0800] "GET /hahoo_site_admin_/cache/collection/ HTTP/1.1" 200 774 "-" "Mozilla/5.0 (compatible; BLEXBot/1.0; +http://webmeup-crawler.com/)" "moreno-ibarra.com"
136.243.104.54 - - [27/Nov/2022:08:06:16 -0800] "GET /hahoo_site_admin_/cache/pages/ HTTP/1.1" 200 3769 "-" "Mozilla/5.0 (compatible; BLEXBot/1.0; +http://webmeup-crawler.com/)" "moreno-ibarra.com"
136.243.104.54 - - [27/Nov/2022:08:06:21 -0800] "GET /hahoo_site_admin_/credentials/?C=D;O=A HTTP/1.1" 200 378 "-" "Mozilla/5.0 (compatible; BLEXBot/1.0; +http://webmeup-crawler.com/)" "moreno-ibarra.com"
136.243.104.54 - - [27/Nov/2022:08:06:26 -0800] "GET /hahoo_site_admin_/credentials/?C=M;O=A HTTP/1.1" 200 378 "-" "Mozilla/5.0 (compatible; BLEXBot/1.0; +http://webmeup-crawler.com/)" "moreno-ibarra.com"
136.243.104.54 - - [27/Nov/2022:08:06:28 -0800] "GET /hahoo_site_admin_/credentials/?C=N;O=D HTTP/1.1" 200 376 "-" "Mozilla/5.0 (compatible; BLEXBot/1.0; +http://webmeup-crawler.com/)" "moreno-ibarra.com"
136.243.104.54 - - [27/Nov/2022:08:06:32 -0800] "GET /hahoo_site_admin_/credentials/?C=S;O=A HTTP/1.1" 200 378 "-" "Mozilla/5.0 (compatible; BLEXBot/1.0; +http://webmeup-crawler.com/)" "moreno-ibarra.com"
136.243.104.54 - - [27/Nov/2022:08:06:35 -0800] "GET /hahoo_site_admin_/logs/?C=D;O=A HTTP/1.1" 200 521 "-" "Mozilla/5.0 (compatible; BLEXBot/1.0; +http://webmeup-crawler.com/)" "moreno-ibarra.com"
136.243.104.54 - - [27/Nov/2022:08:06:39 -0800] "GET /hahoo_site_admin_/logs/?C=M;O=A HTTP/1.1" 200 521 "-" "Mozilla/5.0 (compatible; BLEXBot/1.0; +http://webmeup-crawler.com/)" "moreno-ibarra.com"
136.243.104.54 - - [27/Nov/2022:08:06:42 -0800] "GET /hahoo_site_admin_/logs/?C=N;O=D HTTP/1.1" 200 518 "-" "Mozilla/5.0 (compatible; BLEXBot/1.0; +http://webmeup-crawler.com/)" "moreno-ibarra.com"
136.243.104.54 - - [27/Nov/2022:08:06:46 -0800] "GET /hahoo_site_admin_/logs/?C=S;O=A HTTP/1.1" 200 521 "-" "Mozilla/5.0 (compatible; BLEXBot/1.0; +http://webmeup-crawler.com/)" "moreno-ibarra.com"
136.243.104.54 - - [27/Nov/2022:08:06:51 -0800] "GET /hahoo_site_admin_/logs/log.txt HTTP/1.1" 200 2734 "-" "Mozilla/5.0 (compatible; BLEXBot/1.0; +http://webmeup-crawler.com/)" "moreno-ibarra.com"
23.129.64.146 - - [27/Nov/2022:08:13:24 -0800] "GET /contactenos/ HTTP/1.1" 404 73 "http://moreno-ibarra.com/contactenos/" "Mozilla/5.0 (Windows NT 10.0; Win64; x64) AppleWebKit/537.36 (KHTML, like Gecko) Chrome/90.0.4430.72 Safari/537.36" "moreno-ibarra.com"
23.129.64.146 - - [27/Nov/2022:08:13:25 -0800] "GET / HTTP/1.1" 200 557 "http://moreno-ibarra.com/" "Mozilla/5.0 (Windows NT 10.0; Win64; x64) AppleWebKit/537.36 (KHTML, like Gecko) Chrome/90.0.4430.72 Safari/537.36" "moreno-ibarra.com"
216.244.66.241 - - [27/Nov/2022:08:36:11 -0800] "GET /robots.txt HTTP/1.1" 404 73 "-" "Mozilla/5.0 (compatible; DotBot/1.2; +https://opensiteexplorer.org/dotbot; help@moz.com)" "moreno-ibarra.com"
216.244.66.241 - - [27/Nov/2022:08:36:11 -0800] "GET /robots.txt HTTP/1.1" 404 73 "-" "Mozilla/5.0 (compatible; DotBot/1.2; +https://opensiteexplorer.org/dotbot; help@moz.com)" "www.moreno-ibarra.com"
114.119.139.148 - - [27/Nov/2022:09:03:21 -0800] "GET /hahoo_site_admin_/assets/images HTTP/1.1" 301 1427 "http://www.moreno-ibarra.com/hahoo_site_admin_/assets?C=D%3BO%3DA" "Mozilla/5.0 (Linux; Android 7.0;) AppleWebKit/537.36 (KHTML, like Gecko) Mobile Safari/537.36 (compatible; PetalBot;+https://webmaster.petalsearch.com/site/petalbot)" "www.moreno-ibarra.com"
114.119.139.148 - - [27/Nov/2022:09:03:21 -0800] "GET /hahoo_site_admin_/assets/images/ HTTP/1.1" 200 2524 "http://www.moreno-ibarra.com/hahoo_site_admin_/assets?C=D%3BO%3DA" "Mozilla/5.0 (Linux; Android 7.0;) AppleWebKit/537.36 (KHTML, like Gecko) Mobile Safari/537.36 (compatible; PetalBot;+https://webmaster.petalsearch.com/site/petalbot)" "www.moreno-ibarra.com"
216.244.66.241 - - [27/Nov/2022:09:24:22 -0800] "GET /robots.txt HTTP/1.1" 404 73 "-" "Mozilla/5.0 (compatible; DotBot/1.2; +https://opensiteexplorer.org/dotbot; help@moz.com)" "www.moreno-ibarra.com"
216.244.66.241 - - [27/Nov/2022:09:24:22 -0800] "GET /robots.txt HTTP/1.1" 404 73 "-" "Mozilla/5.0 (compatible; DotBot/1.2; +https://opensiteexplorer.org/dotbot; help@moz.com)" "moreno-ibarra.com"
114.119.157.250 - - [27/Nov/2022:09:30:46 -0800] "GET /robots.txt HTTP/1.1" 404 88 "-" "Mozilla/5.0 (compatible;PetalBot;+https://webmaster.petalsearch.com/site/petalbot)" "www.moreno-ibarra.com"
185.220.101.25 - - [27/Nov/2022:10:01:04 -0800] "GET /contactenos/ HTTP/1.1" 404 73 "http://moreno-ibarra.com/contactenos/" "Mozilla/5.0 (Windows NT 6.1; ) AppleWebKit/537.36 (KHTML, like Gecko) Chrome/90.0.4430.72 Safari/537.36" "moreno-ibarra.com"
194.26.192.186 - - [27/Nov/2022:10:01:05 -0800] "GET / HTTP/1.1" 200 557 "http://moreno-ibarra.com/" "Mozilla/5.0 (Windows NT 6.1; ) AppleWebKit/537.36 (KHTML, like Gecko) Chrome/90.0.4430.72 Safari/537.36" "moreno-ibarra.com"
216.244.66.241 - - [27/Nov/2022:10:09:32 -0800] "GET /robots.txt HTTP/1.1" 404 73 "-" "Mozilla/5.0 (compatible; DotBot/1.2; +https://opensiteexplorer.org/dotbot; help@moz.com)" "moreno-ibarra.com"
114.119.138.220 - - [27/Nov/2022:10:23:50 -0800] "GET /hahoo_site_admin_/assets/images/?C=S%3BO%3DA HTTP/1.1" 200 2524 "http://moreno-ibarra.com/hahoo_site_admin_/assets/images?C=M%3BO%3DA" "Mozilla/5.0 (Linux; Android 7.0;) AppleWebKit/537.36 (KHTML, like Gecko) Mobile Safari/537.36 (compatible; PetalBot;+https://webmaster.petalsearch.com/site/petalbot)" "moreno-ibarra.com"
114.119.138.179 - - [27/Nov/2022:10:38:07 -0800] "GET /hahoo_site_admin_/credentials/?C=D%3BO%3DA HTTP/1.1" 200 378 "http://www.moreno-ibarra.com/hahoo_site_admin_/credentials?C=D%3BO%3DA" "Mozilla/5.0 (Linux; Android 7.0;) AppleWebKit/537.36 (KHTML, like Gecko) Mobile Safari/537.36 (compatible; PetalBot;+https://webmaster.petalsearch.com/site/petalbot)" "www.moreno-ibarra.com"
216.244.66.241 - - [27/Nov/2022:10:59:04 -0800] "GET /robots.txt HTTP/1.1" 404 73 "-" "Mozilla/5.0 (compatible; DotBot/1.2; +https://opensiteexplorer.org/dotbot; help@moz.com)" "moreno-ibarra.com"
216.244.66.241 - - [27/Nov/2022:10:59:04 -0800] "GET /robots.txt HTTP/1.1" 404 73 "-" "Mozilla/5.0 (compatible; DotBot/1.2; +https://opensiteexplorer.org/dotbot; help@moz.com)" "www.moreno-ibarra.com"
114.119.145.183 - - [27/Nov/2022:11:12:43 -0800] "GET /hahoo_site_admin_/cache/collection HTTP/1.1" 301 1427 "http://www.moreno-ibarra.com/hahoo_site_admin_/cache?C=D%3BO%3DA" "Mozilla/5.0 (Linux; Android 7.0;) AppleWebKit/537.36 (KHTML, like Gecko) Mobile Safari/537.36 (compatible; PetalBot;+https://webmaster.petalsearch.com/site/petalbot)" "www.moreno-ibarra.com"
114.119.145.183 - - [27/Nov/2022:11:12:43 -0800] "GET /hahoo_site_admin_/cache/collection/ HTTP/1.1" 200 774 "http://www.moreno-ibarra.com/hahoo_site_admin_/cache?C=D%3BO%3DA" "Mozilla/5.0 (Linux; Android 7.0;) AppleWebKit/537.36 (KHTML, like Gecko) Mobile Safari/537.36 (compatible; PetalBot;+https://webmaster.petalsearch.com/site/petalbot)" "www.moreno-ibarra.com"
114.119.139.148 - - [27/Nov/2022:11:23:25 -0800] "GET /hahoo_site_admin_/cache/collection/64000af0497ccb28520dac91636e10e6 HTTP/1.1" 200 37716 "http://www.moreno-ibarra.com/hahoo_site_admin_/cache/collection?C=D%3BO%3DA" "Mozilla/5.0 (Linux; Android 7.0;) AppleWebKit/537.36 (KHTML, like Gecko) Mobile Safari/537.36 (compatible; PetalBot;+https://webmaster.petalsearch.com/site/petalbot)" "www.moreno-ibarra.com"
114.119.153.108 - - [27/Nov/2022:11:30:43 -0800] "GET /hahoo_site_admin_/assets/images/?C=N%3BO%3DD HTTP/1.1" 200 2524 "http://www.moreno-ibarra.com/hahoo_site_admin_/assets/images?C=N%3BO%3DD" "Mozilla/5.0 (Linux; Android 7.0;) AppleWebKit/537.36 (KHTML, like Gecko) Mobile Safari/537.36 (compatible; PetalBot;+https://webmaster.petalsearch.com/site/petalbot)" "www.moreno-ibarra.com"
216.244.66.241 - - [27/Nov/2022:11:44:45 -0800] "GET /robots.txt HTTP/1.1" 404 73 "-" "Mozilla/5.0 (compatible; DotBot/1.2; +https://opensiteexplorer.org/dotbot; help@moz.com)" "www.moreno-ibarra.com"
216.244.66.241 - - [27/Nov/2022:11:44:45 -0800] "GET /robots.txt HTTP/1.1" 404 73 "-" "Mozilla/5.0 (compatible; DotBot/1.2; +https://opensiteexplorer.org/dotbot; help@moz.com)" "moreno-ibarra.com"
114.119.140.38 - - [27/Nov/2022:11:52:48 -0800] "GET /robots.txt HTTP/1.1" 404 88 "-" "Mozilla/5.0 (compatible;PetalBot;+https://webmaster.petalsearch.com/site/petalbot)" "moreno-ibarra.com"
114.119.153.108 - - [27/Nov/2022:12:01:04 -0800] "GET /hahoo_site_admin_/logs/?C=N%3BO%3DD HTTP/1.1" 200 521 "http://moreno-ibarra.com/hahoo_site_admin_/logs/?C=D%3BO%3DA" "Mozilla/5.0 (Linux; Android 7.0;) AppleWebKit/537.36 (KHTML, like Gecko) Mobile Safari/537.36 (compatible; PetalBot;+https://webmaster.petalsearch.com/site/petalbot)" "moreno-ibarra.com"
185.220.101.38 - - [27/Nov/2022:12:12:12 -0800] "GET /contactenos/ HTTP/1.1" 404 73 "http://moreno-ibarra.com/contactenos/" "Mozilla/5.0 (Windows NT 6.1; Win64; x64) AppleWebKit/537.36 (KHTML, like Gecko) Chrome/90.0.4430.93 Safari/537.36" "moreno-ibarra.com"
23.175.32.11 - - [27/Nov/2022:12:12:13 -0800] "GET / HTTP/1.1" 200 557 "http://moreno-ibarra.com/" "Mozilla/5.0 (Windows NT 6.1; Win64; x64) AppleWebKit/537.36 (KHTML, like Gecko) Chrome/90.0.4430.93 Safari/537.36" "moreno-ibarra.com"
77.88.5.165 - - [27/Nov/2022:12:14:13 -0800] "GET /robots.txt HTTP/1.1" 404 73 "-" "Mozilla/5.0 (compatible; YandexBot/3.0; +http://yandex.com/bots)" "moreno-ibarra.com"
77.88.5.216 - - [27/Nov/2022:12:14:13 -0800] "GET /robots.txt HTTP/1.1" 404 73 "-" "Mozilla/5.0 (compatible; YandexBot/3.0; +http://yandex.com/bots)" "www.moreno-ibarra.com"
77.88.5.250 - - [27/Nov/2022:12:14:14 -0800] "GET /robots.txt HTTP/1.1" 404 73 "-" "Mozilla/5.0 (compatible; YandexBot/3.0; +http://yandex.com/bots)" "moreno-ibarra.com"
93.158.161.61 - - [27/Nov/2022:12:14:17 -0800] "GET / HTTP/1.1" 200 330 "-" "Mozilla/5.0 (compatible; YandexBot/3.0; +http://yandex.com/bots)" "moreno-ibarra.com"
77.88.5.238 - - [27/Nov/2022:12:14:17 -0800] "GET / HTTP/1.1" 200 330 "-" "Mozilla/5.0 (compatible; YandexBot/3.0; +http://yandex.com/bots)" "www.moreno-ibarra.com"
77.88.5.220 - - [27/Nov/2022:12:14:18 -0800] "GET / HTTP/1.1" 200 330 "-" "Mozilla/5.0 (compatible; YandexBot/3.0; +http://yandex.com/bots)" "moreno-ibarra.com"
51.222.253.10 - - [27/Nov/2022:12:23:01 -0800] "GET /robots.txt HTTP/1.1" 404 88 "-" "Mozilla/5.0 (compatible; AhrefsBot/7.0; +http://ahrefs.com/robot/)" "www.moreno-ibarra.com"
51.222.253.7 - - [27/Nov/2022:12:23:03 -0800] "GET / HTTP/1.1" 200 330 "-" "Mozilla/5.0 (compatible; AhrefsBot/7.0; +http://ahrefs.com/robot/)" "www.moreno-ibarra.com"
216.244.66.241 - - [27/Nov/2022:12:29:20 -0800] "GET /robots.txt HTTP/1.1" 404 73 "-" "Mozilla/5.0 (compatible; DotBot/1.2; +https://opensiteexplorer.org/dotbot; help@moz.com)" "moreno-ibarra.com"
216.244.66.241 - - [27/Nov/2022:12:29:20 -0800] "GET /robots.txt HTTP/1.1" 404 73 "-" "Mozilla/5.0 (compatible; DotBot/1.2; +https://opensiteexplorer.org/dotbot; help@moz.com)" "www.moreno-ibarra.com"
157.55.39.187 - - [27/Nov/2022:12:33:40 -0800] "GET / HTTP/1.1" 200 330 "-" "Mozilla/5.0 (compatible; bingbot/2.0; +http://www.bing.com/bingbot.htm)" "moreno-ibarra.com"
114.119.132.9 - - [27/Nov/2022:12:50:39 -0800] "GET /hahoo_site_admin_/cache/collection/fc1d5e53c7be80310e9be30dd1020b1e HTTP/1.1" 200 76670 "http://moreno-ibarra.com/hahoo_site_admin_/cache/collection/" "Mozilla/5.0 (Linux; Android 7.0;) AppleWebKit/537.36 (KHTML, like Gecko) Mobile Safari/537.36 (compatible; PetalBot;+https://webmaster.petalsearch.com/site/petalbot)" "moreno-ibarra.com"
95.216.67.33 - - [27/Nov/2022:12:58:33 -0800] "GET /contactenos/ HTTP/1.1" 404 73 "http://moreno-ibarra.com/contactenos/" "Mozilla/5.0 (Windows NT 10.0) AppleWebKit/537.36 (KHTML, like Gecko) Chrome/90.0.4430.72 Safari/537.36" "moreno-ibarra.com"
95.216.67.33 - - [27/Nov/2022:12:58:33 -0800] "GET / HTTP/1.1" 200 557 "http://moreno-ibarra.com/" "Mozilla/5.0 (Windows NT 10.0) AppleWebKit/537.36 (KHTML, like Gecko) Chrome/90.0.4430.72 Safari/537.36" "moreno-ibarra.com"
114.119.138.220 - - [27/Nov/2022:13:08:40 -0800] "GET /hahoo_site_admin_/cache/collection?C=M%3BO%3DA HTTP/1.1" 301 1439 "http://moreno-ibarra.com/hahoo_site_admin_/cache/collection?C=N%3BO%3DD" "Mozilla/5.0 (Linux; Android 7.0;) AppleWebKit/537.36 (KHTML, like Gecko) Mobile Safari/537.36 (compatible; PetalBot;+https://webmaster.petalsearch.com/site/petalbot)" "moreno-ibarra.com"
114.119.138.220 - - [27/Nov/2022:13:08:41 -0800] "GET /hahoo_site_admin_/cache/collection/?C=M%3BO%3DA HTTP/1.1" 200 774 "http://moreno-ibarra.com/hahoo_site_admin_/cache/collection?C=N%3BO%3DD" "Mozilla/5.0 (Linux; Android 7.0;) AppleWebKit/537.36 (KHTML, like Gecko) Mobile Safari/537.36 (compatible; PetalBot;+https://webmaster.petalsearch.com/site/petalbot)" "moreno-ibarra.com"
20.24.21.64 - - [27/Nov/2022:13:22:00 -0800] "GET /wp-admin/css/ HTTP/1.1" 404 88 "binance.com" "Mozilla/5.0 (Windows NT 10.0; Win64; x64) AppleWebKit/537.36 (KHTML, like Gecko) Chrome/90.0.4430.85 Safari/537.36" "moreno-ibarra.com"
20.24.21.64 - - [27/Nov/2022:13:22:26 -0800] "GET /sites/default/files/ HTTP/1.1" 404 88 "binance.com" "Mozilla/5.0 (Windows NT 10.0; Win64; x64) AppleWebKit/537.36 (KHTML, like Gecko) Chrome/90.0.4430.85 Safari/537.36" "moreno-ibarra.com"
20.24.21.64 - - [27/Nov/2022:13:22:39 -0800] "GET /admin/controller/extension/extension/ HTTP/1.1" 404 88 "binance.com" "Mozilla/5.0 (Windows NT 10.0; Win64; x64) AppleWebKit/537.36 (KHTML, like Gecko) Chrome/90.0.4430.85 Safari/537.36" "moreno-ibarra.com"
20.24.21.64 - - [27/Nov/2022:13:22:51 -0800] "GET /uploads/ HTTP/1.1" 404 88 "binance.com" "Mozilla/5.0 (Windows NT 10.0; Win64; x64) AppleWebKit/537.36 (KHTML, like Gecko) Chrome/90.0.4430.85 Safari/537.36" "moreno-ibarra.com"
20.24.21.64 - - [27/Nov/2022:13:23:02 -0800] "GET /images/ HTTP/1.1" 404 88 "binance.com" "Mozilla/5.0 (Windows NT 10.0; Win64; x64) AppleWebKit/537.36 (KHTML, like Gecko) Chrome/90.0.4430.85 Safari/537.36" "moreno-ibarra.com"
20.24.21.64 - - [27/Nov/2022:13:23:13 -0800] "GET /files/ HTTP/1.1" 404 88 "binance.com" "Mozilla/5.0 (Windows NT 10.0; Win64; x64) AppleWebKit/537.36 (KHTML, like Gecko) Chrome/90.0.4430.85 Safari/537.36" "moreno-ibarra.com"
114.119.147.246 - - [27/Nov/2022:13:23:14 -0800] "GET /hahoo_site_admin_/cache/collection/64000af0497ccb28520dac91636e10e6 HTTP/1.1" 200 37716 "http://moreno-ibarra.com/hahoo_site_admin_/cache/collection/" "Mozilla/5.0 (Linux; Android 7.0;) AppleWebKit/537.36 (KHTML, like Gecko) Mobile Safari/537.36 (compatible; PetalBot;+https://webmaster.petalsearch.com/site/petalbot)" "moreno-ibarra.com"
114.119.139.148 - - [27/Nov/2022:13:35:35 -0800] "GET /?C=D%3BO%3DA HTTP/1.1" 200 330 "http://www.moreno-ibarra.com?C=N%3BO%3DD" "Mozilla/5.0 (Linux; Android 7.0;) AppleWebKit/537.36 (KHTML, like Gecko) Mobile Safari/537.36 (compatible; PetalBot;+https://webmaster.petalsearch.com/site/petalbot)" "www.moreno-ibarra.com"
114.119.145.183 - - [27/Nov/2022:13:42:20 -0800] "GET /hahoo_site_admin_/?C=M%3BO%3DA HTTP/1.1" 200 430 "http://www.moreno-ibarra.com/hahoo_site_admin_/?C=N%3BO%3DD" "Mozilla/5.0 (Linux; Android 7.0;) AppleWebKit/537.36 (KHTML, like Gecko) Mobile Safari/537.36 (compatible; PetalBot;+https://webmaster.petalsearch.com/site/petalbot)" "www.moreno-ibarra.com"
216.244.66.241 - - [27/Nov/2022:13:59:39 -0800] "GET /robots.txt HTTP/1.1" 404 73 "-" "Mozilla/5.0 (compatible; DotBot/1.2; +https://opensiteexplorer.org/dotbot; help@moz.com)" "www.moreno-ibarra.com"
216.244.66.241 - - [27/Nov/2022:13:59:39 -0800] "GET /robots.txt HTTP/1.1" 404 73 "-" "Mozilla/5.0 (compatible; DotBot/1.2; +https://opensiteexplorer.org/dotbot; help@moz.com)" "moreno-ibarra.com"
114.119.139.148 - - [27/Nov/2022:14:04:23 -0800] "GET /hahoo_site_admin_/credentials/?C=S%3BO%3DA HTTP/1.1" 200 378 "http://www.moreno-ibarra.com/hahoo_site_admin_/credentials?C=D%3BO%3DA" "Mozilla/5.0 (Linux; Android 7.0;) AppleWebKit/537.36 (KHTML, like Gecko) Mobile Safari/537.36 (compatible; PetalBot;+https://webmaster.petalsearch.com/site/petalbot)" "www.moreno-ibarra.com"
114.119.138.220 - - [27/Nov/2022:14:09:34 -0800] "GET /?C=D%3BO%3DA HTTP/1.1" 200 330 "https://moreno-ibarra.com/" "Mozilla/5.0 (Linux; Android 7.0;) AppleWebKit/537.36 (KHTML, like Gecko) Mobile Safari/537.36 (compatible; PetalBot;+https://webmaster.petalsearch.com/site/petalbot)" "moreno-ibarra.com"
140.246.136.252 - - [27/Nov/2022:14:43:54 -0800] "GET / HTTP/1.1" 200 330 "-" "Mozilla/5.0 (iPhone; CPU iPhone OS 13_2_3 like Mac OS X) AppleWebKit/605.1.15 (KHTML, like Gecko) Version/13.0.3 Mobile/15E148 Safari/604.1" "moreno-ibarra.com"
118.101.246.77 - - [27/Nov/2022:14:44:58 -0800] "GET /contactenos/ HTTP/1.1" 404 73 "http://moreno-ibarra.com/contactenos/" "Mozilla/5.0 (Windows NT 6.3; Win64; x64) AppleWebKit/537.36 (KHTML, like Gecko) Chrome/90.0.4430.85 Safari/537.36 Edg/90.0.818.46" "moreno-ibarra.com"
118.101.246.77 - - [27/Nov/2022:14:44:58 -0800] "GET / HTTP/1.1" 200 557 "http://moreno-ibarra.com/" "Mozilla/5.0 (Windows NT 6.3; Win64; x64) AppleWebKit/537.36 (KHTML, like Gecko) Chrome/90.0.4430.85 Safari/537.36 Edg/90.0.818.46" "moreno-ibarra.com"
114.119.153.108 - - [27/Nov/2022:15:10:08 -0800] "GET /hahoo_site_admin_/cache/collection/ HTTP/1.1" 200 774 "http://www.moreno-ibarra.com/hahoo_site_admin_/cache/" "Mozilla/5.0 (Linux; Android 7.0;) AppleWebKit/537.36 (KHTML, like Gecko) Mobile Safari/537.36 (compatible; PetalBot;+https://webmaster.petalsearch.com/site/petalbot)" "www.moreno-ibarra.com"
216.244.66.241 - - [27/Nov/2022:15:31:39 -0800] "GET /robots.txt HTTP/1.1" 404 73 "-" "Mozilla/5.0 (compatible; DotBot/1.2; +https://opensiteexplorer.org/dotbot; help@moz.com)" "moreno-ibarra.com"
216.244.66.241 - - [27/Nov/2022:15:31:39 -0800] "GET /robots.txt HTTP/1.1" 404 73 "-" "Mozilla/5.0 (compatible; DotBot/1.2; +https://opensiteexplorer.org/dotbot; help@moz.com)" "www.moreno-ibarra.com"
